CRAN Package Check Results for Package xml2

Last updated on 2019-09-22 05:46:26 CEST.

Flavor Version Tinstall Tcheck Ttotal Status Flags
r-devel-linux-x86_64-debian-clang 1.2.2 73.46 36.16 109.62 OK
r-devel-linux-x86_64-debian-gcc 1.2.2 56.51 29.29 85.80 OK
r-devel-linux-x86_64-fedora-clang 1.2.2 152.29 OK
r-devel-linux-x86_64-fedora-gcc 1.2.2 140.72 OK
r-devel-windows-ix86+x86_64 1.2.2 205.00 85.00 290.00 NOTE
r-patched-linux-x86_64 1.2.2 63.96 36.26 100.22 OK
r-patched-solaris-x86 1.2.2 145.30 ERROR
r-release-linux-x86_64 1.2.2 64.66 36.32 100.98 OK
r-release-windows-ix86+x86_64 1.2.2 141.00 88.00 229.00 NOTE
r-release-osx-x86_64 1.2.2 OK
r-oldrel-windows-ix86+x86_64 1.2.2 139.00 77.00 216.00 NOTE
r-oldrel-osx-x86_64 1.2.2 OK

Check Details

Version: 1.2.2
Check: installed package size
Result: NOTE
     installed size is 6.6Mb
     sub-directories of 1Mb or more:
     libs 6.2Mb
Flavors: r-devel-windows-ix86+x86_64, r-release-windows-ix86+x86_64, r-oldrel-windows-ix86+x86_64

Version: 1.2.2
Check: tests
Result: ERROR
     Running ‘testthat.R’ [3s/11s]
    Running the tests in ‘tests/testthat.R’ failed.
    Complete output:
     > library(testthat)
     > library(xml2)
     >
     > test_check("xml2")
     This is libxml2 version 2.9.9
     terminate called after throwing an instance of 'Rcpp::exception'
     what(): Document is empty [4]
Flavor: r-patched-solaris-x86