CRAN Package Check Results for Package xml2

Last updated on 2019-11-17 05:47:27 CET.

Flavor Version Tinstall Tcheck Ttotal Status Flags
r-devel-linux-x86_64-debian-clang 1.2.2 85.42 41.87 127.29 OK
r-devel-linux-x86_64-debian-gcc 1.2.2 57.78 32.81 90.59 OK
r-devel-linux-x86_64-fedora-clang 1.2.2 178.60 NOTE
r-devel-linux-x86_64-fedora-gcc 1.2.2 162.16 NOTE
r-devel-windows-ix86+x86_64 1.2.2 231.00 94.00 325.00 NOTE
r-patched-linux-x86_64 1.2.2 62.45 40.15 102.60 OK
r-patched-solaris-x86 1.2.2 150.70 ERROR
r-release-linux-x86_64 1.2.2 61.88 40.25 102.13 OK
r-release-windows-ix86+x86_64 1.2.2 2.00 7.00 9.00 ERROR
r-release-osx-x86_64 1.2.2 OK
r-oldrel-windows-ix86+x86_64 1.2.2 192.00 114.00 306.00 NOTE
r-oldrel-osx-x86_64 1.2.2 OK

Check Details

Version: 1.2.2
Check: top-level files
Result: NOTE
     possible bashism in configure line 31 ($(OS|MACH)TYPE):
     if echo $OSTYPE | grep -q '^darwin1[567]'; then
Flavors: r-devel-linux-x86_64-fedora-clang, r-devel-linux-x86_64-fedora-gcc

Version: 1.2.2
Check: installed package size
Result: NOTE
     installed size is 6.6Mb
     sub-directories of 1Mb or more:
     libs 6.2Mb
Flavors: r-devel-windows-ix86+x86_64, r-oldrel-windows-ix86+x86_64

Version: 1.2.2
Check: tests
Result: ERROR
     Running ‘testthat.R’ [9s/19s]
    Running the tests in ‘tests/testthat.R’ failed.
    Complete output:
     > library(testthat)
     > library(xml2)
     >
     > test_check("xml2")
     This is libxml2 version 2.9.9
     terminate called after throwing an instance of 'Rcpp::exception'
     what(): Document is empty [4]
Flavor: r-patched-solaris-x86

Version: 1.2.2
Check: whether package can be installed
Result: ERROR
    Installation failed.
Flavor: r-release-windows-ix86+x86_64