CRAN Package Check Results for Package xml2

Last updated on 2020-06-05 05:49:03 CEST.

Flavor Version Tinstall Tcheck Ttotal Status Flags
r-devel-linux-x86_64-debian-clang 1.3.2 13.90 37.74 51.64 OK
r-devel-linux-x86_64-debian-gcc 1.3.2 11.06 29.63 40.69 OK
r-devel-linux-x86_64-fedora-clang 1.3.2 80.36 OK
r-devel-linux-x86_64-fedora-gcc 1.3.2 64.22 OK
r-devel-windows-ix86+x86_64 1.3.2 4.00 7.00 11.00 ERROR
r-patched-linux-x86_64 1.3.2 11.32 37.80 49.12 OK
r-patched-solaris-x86 1.3.2 88.40 OK
r-release-linux-x86_64 1.3.2 11.66 37.55 49.21 OK
r-release-osx-x86_64 1.3.2 WARN
r-release-windows-ix86+x86_64 1.3.2 43.00 98.00 141.00 NOTE
r-oldrel-osx-x86_64 1.3.2 OK
r-oldrel-windows-ix86+x86_64 1.3.2 69.00 81.00 150.00 NOTE

Check Details

Version: 1.3.2
Check: whether package can be installed
Result: ERROR
    Installation failed.
Flavor: r-devel-windows-ix86+x86_64

Version: 1.3.2
Check: installed package size
Result: NOTE
     installed size is 6.3Mb
     sub-directories of 1Mb or more:
     libs 5.9Mb
Flavors: r-release-osx-x86_64, r-release-windows-ix86+x86_64, r-oldrel-windows-ix86+x86_64

Version: 1.3.2
Check: re-building of vignette outputs
Result: WARN
    Error(s) in re-building vignettes:
     ...
    --- re-building ‘modification.Rmd’ using rmarkdown
    Error: processing vignette 'modification.Rmd' failed with diagnostics:
    there is no package called 'stringi'
    --- failed re-building ‘modification.Rmd’
    
    SUMMARY: processing the following file failed:
     ‘modification.Rmd’
    
    Error: Vignette re-building failed.
    Execution halted
Flavor: r-release-osx-x86_64