CRAN Package Check Results for Package xml2

Last updated on 2019-07-16 05:48:38 CEST.

Flavor Version Tinstall Tcheck Ttotal Status Flags
r-devel-linux-x86_64-debian-clang 1.2.0 65.98 36.09 102.07 NOTE
r-devel-linux-x86_64-debian-gcc 1.2.0 55.03 29.35 84.38 NOTE
r-devel-linux-x86_64-fedora-clang 1.2.0 160.74 ERROR
r-devel-linux-x86_64-fedora-gcc 1.2.0 149.43 ERROR
r-devel-windows-ix86+x86_64 1.2.0 2.00 6.00 8.00 ERROR
r-patched-linux-x86_64 1.2.0 68.31 36.63 104.94 NOTE
r-patched-solaris-x86 1.2.0 138.00 ERROR
r-release-linux-x86_64 1.2.0 62.55 36.49 99.04 NOTE
r-release-windows-ix86+x86_64 1.2.0 148.00 122.00 270.00 NOTE
r-release-osx-x86_64 1.2.0 WARN
r-oldrel-windows-ix86+x86_64 1.2.0 187.00 90.00 277.00 NOTE
r-oldrel-osx-x86_64 1.2.0 WARN

Check Details

Version: 1.2.0
Check: compiled code
Result: NOTE
    File 'xml2/libs/xml2.so':
     Found non-API calls to R: 'R_GetConnection', 'R_WriteConnection'
    
    Compiled code should not call non-API entry points in R.
    
    See 'Writing portable packages' in the 'Writing R Extensions' manual.
Flavors: r-devel-linux-x86_64-debian-clang, r-devel-linux-x86_64-debian-gcc, r-devel-linux-x86_64-fedora-clang, r-devel-linux-x86_64-fedora-gcc, r-patched-linux-x86_64, r-patched-solaris-x86, r-release-linux-x86_64, r-release-osx-x86_64, r-oldrel-osx-x86_64

Version: 1.2.0
Check: tests
Result: ERROR
     Running ‘testthat.R’
    Running the tests in ‘tests/testthat.R’ failed.
    Complete output:
     > library(testthat)
     > library(xml2)
     >
     > test_check("xml2")
     This is libxml2 version 2.9.9
     ── 1. Failure: url_relative (@test-url.R#18) ──────────────────────────────────
     url_relative("http://hadley.nz/a/c", "http://hadley.nz/") not equal to "../a/c".
     1/1 mismatches
     x[1]: "a/c"
     y[1]: "../a/c"
    
     ══ testthat results ═══════════════════════════════════════════════════════════
     OK: 381 SKIPPED: 2 WARNINGS: 0 FAILED: 1
     1. Failure: url_relative (@test-url.R#18)
    
     Error: testthat unit tests failed
     Execution halted
Flavors: r-devel-linux-x86_64-fedora-clang, r-devel-linux-x86_64-fedora-gcc, r-patched-solaris-x86

Version: 1.2.0
Check: whether package can be installed
Result: ERROR
    Installation failed.
Flavor: r-devel-windows-ix86+x86_64

Version: 1.2.0
Check: installed package size
Result: NOTE
     installed size is 6.7Mb
     sub-directories of 1Mb or more:
     libs 6.4Mb
Flavors: r-release-windows-ix86+x86_64, r-oldrel-windows-ix86+x86_64

Version: 1.2.0
Check: compiled code
Result: NOTE
    File 'xml2/libs/i386/xml2.dll':
     Found non-API calls to R: 'R_GetConnection', 'R_WriteConnection'
    File 'xml2/libs/x64/xml2.dll':
     Found non-API calls to R: 'R_GetConnection', 'R_WriteConnection'
    
    Compiled code should not call non-API entry points in R.
    
    See 'Writing portable packages' in the 'Writing R Extensions' manual.
Flavors: r-release-windows-ix86+x86_64, r-oldrel-windows-ix86+x86_64

Version: 1.2.0
Check: re-building of vignette outputs
Result: WARN
    Error(s) in re-building vignettes:
     ...
    --- re-building ‘modification.Rmd’ using rmarkdown
    Warning in engine$weave(file, quiet = quiet, encoding = enc) :
     Pandoc (>= 1.12.3) and/or pandoc-citeproc not available. Falling back to R Markdown v1.
    Error: processing vignette 'modification.Rmd' failed with diagnostics:
    there is no package called 'stringi'
    --- failed re-building ‘modification.Rmd’
    
    SUMMARY: processing the following file failed:
     ‘modification.Rmd’
    
    Error: Vignette re-building failed.
    Execution halted
Flavor: r-release-osx-x86_64

Version: 1.2.0
Check: re-building of vignette outputs
Result: WARN
    Error in re-building vignettes:
     ...
    Warning in engine$weave(file, quiet = quiet, encoding = enc) :
     Pandoc (>= 1.12.3) and/or pandoc-citeproc not available. Falling back to R Markdown v1.
    Error: processing vignette 'modification.Rmd' failed with diagnostics:
    shared object 'stringi.so' not found
    Execution halted
Flavor: r-oldrel-osx-x86_64