CRAN Package Check Results for Package xpectr

Last updated on 2022-01-18 05:50:32 CET.

Flavor Version Tinstall Tcheck Ttotal Status Flags
r-devel-linux-x86_64-debian-clang 0.4.1 6.66 74.69 81.35 ERROR
r-devel-linux-x86_64-debian-gcc 0.4.1 5.59 56.19 61.78 ERROR
r-devel-linux-x86_64-fedora-clang 0.4.1 104.07 ERROR
r-devel-linux-x86_64-fedora-gcc 0.4.1 85.56 ERROR
r-devel-windows-x86_64-new-UL 0.4.1 50.00 99.00 149.00 ERROR
r-devel-windows-x86_64-new-TK 0.4.1 ERROR
r-patched-linux-x86_64 0.4.1 7.80 69.55 77.35 OK
r-release-linux-x86_64 0.4.1 OK
r-release-macos-arm64 0.4.1 OK
r-release-macos-x86_64 0.4.1 OK
r-release-windows-ix86+x86_64 0.4.1 16.00 84.00 100.00 OK
r-oldrel-macos-x86_64 0.4.1 OK
r-oldrel-windows-ix86+x86_64 0.4.1 15.00 88.00 103.00 OK

Check Details

Version: 0.4.1
Check: tests
Result: ERROR
     Running 'testthat.R' [7s/9s]
    Running the tests in 'tests/testthat.R' failed.
    Complete output:
     > library(testthat)
     > library(xpectr)
     >
     > test_check("xpectr")
     == Skipped tests ===============================================================
     * skipping due to breaking changes in R 4.0.0 (2)
    
     == Failed tests ================================================================
     -- Failure (test_addin_utils.R:52:3): apply_capture() works as expected --------
     apply_capture("a_df", dput, envir = current_envir) not equal to c(...).
     1/3 mismatches
     x[1]: "structure(list(a = c(1, 2, 3), b = structure(1:3, levels = c(\"c\", "
     y[1]: "structure(list(a = c(1, 2, 3), b = structure(1:3, .Label = c(\"c\", "
     -- Failure (test_create_expectations.R:38:3): expectation are created properly with create_expectations_data_frame() --
     `expts` not equal to `expts_expected`.
     Component 6: 1 string mismatch
    
     [ FAIL 2 | WARN 0 | SKIP 2 | PASS 842 ]
     Error: Test failures
     Execution halted
Flavor: r-devel-linux-x86_64-debian-clang

Version: 0.4.1
Check: tests
Result: ERROR
     Running ‘testthat.R’ [6s/8s]
    Running the tests in ‘tests/testthat.R’ failed.
    Complete output:
     > library(testthat)
     > library(xpectr)
     >
     > test_check("xpectr")
     ══ Skipped tests ═══════════════════════════════════════════════════════════════
     • skipping due to breaking changes in R 4.0.0 (2)
    
     ══ Failed tests ════════════════════════════════════════════════════════════════
     ── Failure (test_addin_utils.R:52:3): apply_capture() works as expected ────────
     apply_capture("a_df", dput, envir = current_envir) not equal to c(...).
     1/3 mismatches
     x[1]: "structure(list(a = c(1, 2, 3), b = structure(1:3, levels = c(\"c\", "
     y[1]: "structure(list(a = c(1, 2, 3), b = structure(1:3, .Label = c(\"c\", "
     ── Failure (test_create_expectations.R:38:3): expectation are created properly with create_expectations_data_frame() ──
     `expts` not equal to `expts_expected`.
     Component 6: 1 string mismatch
    
     [ FAIL 2 | WARN 0 | SKIP 2 | PASS 842 ]
     Error: Test failures
     Execution halted
Flavor: r-devel-linux-x86_64-debian-gcc

Version: 0.4.1
Check: tests
Result: ERROR
     Running ‘testthat.R’ [9s/18s]
    Running the tests in ‘tests/testthat.R’ failed.
    Complete output:
     > library(testthat)
     > library(xpectr)
     >
     > test_check("xpectr")
     ══ Skipped tests ═══════════════════════════════════════════════════════════════
     • skipping due to breaking changes in R 4.0.0 (2)
    
     ══ Failed tests ════════════════════════════════════════════════════════════════
     ── Failure (test_addin_utils.R:52:3): apply_capture() works as expected ────────
     apply_capture("a_df", dput, envir = current_envir) not equal to c(...).
     1/3 mismatches
     x[1]: "structure(list(a = c(1, 2, 3), b = structure(1:3, levels = c(\"c\", "
     y[1]: "structure(list(a = c(1, 2, 3), b = structure(1:3, .Label = c(\"c\", "
     ── Failure (test_create_expectations.R:38:3): expectation are created properly with create_expectations_data_frame() ──
     `expts` not equal to `expts_expected`.
     Component 6: 1 string mismatch
    
     [ FAIL 2 | WARN 0 | SKIP 2 | PASS 842 ]
     Error: Test failures
     Execution halted
Flavor: r-devel-linux-x86_64-fedora-clang

Version: 0.4.1
Check: tests
Result: ERROR
     Running ‘testthat.R’
    Running the tests in ‘tests/testthat.R’ failed.
    Complete output:
     > library(testthat)
     > library(xpectr)
     >
     > test_check("xpectr")
     ══ Skipped tests ═══════════════════════════════════════════════════════════════
     • skipping due to breaking changes in R 4.0.0 (2)
    
     ══ Failed tests ════════════════════════════════════════════════════════════════
     ── Failure (test_addin_utils.R:52:3): apply_capture() works as expected ────────
     apply_capture("a_df", dput, envir = current_envir) not equal to c(...).
     1/3 mismatches
     x[1]: "structure(list(a = c(1, 2, 3), b = structure(1:3, levels = c(\"c\", "
     y[1]: "structure(list(a = c(1, 2, 3), b = structure(1:3, .Label = c(\"c\", "
     ── Failure (test_create_expectations.R:38:3): expectation are created properly with create_expectations_data_frame() ──
     `expts` not equal to `expts_expected`.
     Component 6: 1 string mismatch
    
     [ FAIL 2 | WARN 0 | SKIP 2 | PASS 842 ]
     Error: Test failures
     Execution halted
Flavors: r-devel-linux-x86_64-fedora-gcc, r-devel-windows-x86_64-new-TK

Version: 0.4.1
Check: tests
Result: ERROR
     Running 'testthat.R' [8s]
    Running the tests in 'tests/testthat.R' failed.
    Complete output:
     > library(testthat)
     > library(xpectr)
     >
     > test_check("xpectr")
     ══ Skipped tests ═══════════════════════════════════════════════════════════════
     • skipping due to breaking changes in R 4.0.0 (2)
    
     ══ Failed tests ════════════════════════════════════════════════════════════════
     ── Failure (test_addin_utils.R:52:3): apply_capture() works as expected ────────
     apply_capture("a_df", dput, envir = current_envir) not equal to c(...).
     1/3 mismatches
     x[1]: "structure(list(a = c(1, 2, 3), b = structure(1:3, levels = c(\"c\", "
     y[1]: "structure(list(a = c(1, 2, 3), b = structure(1:3, .Label = c(\"c\", "
     ── Failure (test_create_expectations.R:38:3): expectation are created properly with create_expectations_data_frame() ──
     `expts` not equal to `expts_expected`.
     Component 6: 1 string mismatch
    
     [ FAIL 2 | WARN 0 | SKIP 2 | PASS 842 ]
     Error: Test failures
     Execution halted
Flavor: r-devel-windows-x86_64-new-UL