CRAN Package Check Results for Package xplain

Last updated on 2022-01-26 05:54:34 CET.

Flavor Version Tinstall Tcheck Ttotal Status Flags
r-devel-linux-x86_64-debian-clang 0.2.2 2.56 34.04 36.60 NOTE
r-devel-linux-x86_64-debian-gcc 0.2.2 2.22 26.58 28.80 NOTE
r-devel-linux-x86_64-fedora-clang 0.2.2 45.54 NOTE
r-devel-linux-x86_64-fedora-gcc 0.2.2 33.94 NOTE
r-devel-windows-x86_64-new-UL 0.2.2 16.00 52.00 68.00 NOTE
r-devel-windows-x86_64-new-TK 0.2.2 ERROR
r-patched-linux-x86_64 0.2.2 2.60 32.54 35.14 NOTE
r-release-linux-x86_64 0.2.2 2.20 32.16 34.36 NOTE
r-release-macos-arm64 0.2.2 NOTE
r-release-macos-x86_64 0.2.2 NOTE
r-release-windows-ix86+x86_64 0.2.2 7.00 41.00 48.00 NOTE
r-oldrel-macos-x86_64 0.2.2 NOTE
r-oldrel-windows-ix86+x86_64 0.2.2 7.00 40.00 47.00 OK

Check Details

Version: 0.2.2
Check: LazyData
Result: NOTE
     'LazyData' is specified without a 'data' directory
Flavors: r-devel-linux-x86_64-debian-clang, r-devel-linux-x86_64-debian-gcc, r-devel-linux-x86_64-fedora-clang, r-devel-linux-x86_64-fedora-gcc, r-devel-windows-x86_64-new-UL, r-devel-windows-x86_64-new-TK, r-patched-linux-x86_64, r-release-linux-x86_64, r-release-macos-arm64, r-release-macos-x86_64, r-release-windows-ix86+x86_64

Version: 0.2.2
Check: dependencies in R code
Result: NOTE
    Namespace in Imports field not imported from: ‘RCurl’
     All declared Imports should be used.
Flavors: r-devel-linux-x86_64-fedora-clang, r-devel-linux-x86_64-fedora-gcc, r-devel-windows-x86_64-new-TK, r-release-macos-arm64, r-release-macos-x86_64, r-oldrel-macos-x86_64

Version: 0.2.2
Check: package dependencies
Result: NOTE
    Package suggested but not available for checking: 'car'
Flavor: r-devel-windows-x86_64-new-TK

Version: 0.2.2
Check: examples
Result: ERROR
    Running examples in 'xplain-Ex.R' failed
    The error most likely occurred in:
    
    > ### Name: xplain
    > ### Title: Showing interpretation information for the results of a function
    > ### Aliases: xplain
    >
    > ### ** Examples
    >
    >
    > library(car)
    Error in library(car) : there is no package called 'car'
    Execution halted
Flavor: r-devel-windows-x86_64-new-TK