CRAN Package Check Results for Package xpose4

Last updated on 2024-06-13 06:58:23 CEST.

Flavor Version Tinstall Tcheck Ttotal Status Flags
r-devel-linux-x86_64-debian-clang 4.7.3 27.21 232.80 260.01 OK
r-devel-linux-x86_64-debian-gcc 4.7.3 0.54 1.77 2.31 ERROR
r-devel-linux-x86_64-fedora-clang 4.7.3 311.57 OK
r-devel-linux-x86_64-fedora-gcc 4.7.3 311.40 OK
r-devel-windows-x86_64 4.7.3 24.00 218.00 242.00 OK
r-patched-linux-x86_64 4.7.3 27.69 218.14 245.83 OK
r-release-linux-x86_64 4.7.3 17.57 217.74 235.31 OK
r-release-macos-arm64 4.7.3 77.00 OK
r-release-macos-x86_64 4.7.3 116.00 OK
r-release-windows-x86_64 4.7.3 23.00 219.00 242.00 OK
r-oldrel-macos-arm64 4.7.3 78.00 OK
r-oldrel-macos-x86_64 4.7.3 195.00 OK
r-oldrel-windows-x86_64 4.7.3 31.00 258.00 289.00 OK

Check Details

Version: 4.7.3
Check: package dependencies
Result: ERROR Packages required but not available: 'Hmisc', 'dplyr', 'tibble', 'readr' Package suggested but not available for checking: ‘testthat’ See section ‘The DESCRIPTION file’ in the ‘Writing R Extensions’ manual. Flavor: r-devel-linux-x86_64-debian-gcc