CRAN Package Check Results for Package xrnet

Last updated on 2020-11-28 05:51:22 CET.

Flavor Version Tinstall Tcheck Ttotal Status Flags
r-devel-linux-x86_64-debian-clang 0.1.7 153.74 61.73 215.47 OK
r-devel-linux-x86_64-debian-gcc 0.1.7 204.68 52.63 257.31 OK
r-devel-linux-x86_64-fedora-clang 0.1.7 245.41 NOTE
r-devel-linux-x86_64-fedora-gcc 0.1.7 237.28 OK
r-devel-windows-ix86+x86_64 0.1.7 242.00 115.00 357.00 OK
r-patched-linux-x86_64 0.1.7 226.12 64.42 290.54 OK
r-patched-solaris-x86 0.1.7 209.40 OK
r-release-linux-x86_64 0.1.7 237.86 61.51 299.37 OK
r-release-macos-x86_64 0.1.7 NOTE
r-release-windows-ix86+x86_64 0.1.7 253.00 121.00 374.00 OK
r-oldrel-macos-x86_64 0.1.7 NOTE
r-oldrel-windows-ix86+x86_64 0.1.7 211.00 148.00 359.00 OK

Check Details

Version: 0.1.7
Check: installed package size
Result: NOTE
     installed size is 26.7Mb
     sub-directories of 1Mb or more:
     libs 26.2Mb
Flavors: r-devel-linux-x86_64-fedora-clang, r-release-macos-x86_64, r-oldrel-macos-x86_64