CRAN Package Check Results for Package xsp

Last updated on 2022-11-26 05:20:55 CET.

Flavor Version Tinstall Tcheck Ttotal Status Flags
r-devel-linux-x86_64-debian-clang 0.1.2 4.99 70.66 75.65 NOTE
r-devel-linux-x86_64-debian-gcc 0.1.2 4.83 50.83 55.66 NOTE
r-devel-linux-x86_64-fedora-clang 0.1.2 103.42 NOTE
r-devel-linux-x86_64-fedora-gcc 0.1.2 107.38 NOTE
r-devel-windows-x86_64 0.1.2 13.00 95.00 108.00 NOTE
r-patched-linux-x86_64 0.1.2 NOTE
r-release-linux-x86_64 0.1.2 3.87 66.80 70.67 NOTE
r-release-macos-arm64 0.1.2 27.00 NOTE
r-release-macos-x86_64 0.1.2 51.00 NOTE
r-release-windows-x86_64 0.1.2 11.00 98.00 109.00 NOTE
r-oldrel-macos-arm64 0.1.2 34.00 NOTE
r-oldrel-macos-x86_64 0.1.2 50.00 NOTE
r-oldrel-windows-ix86+x86_64 0.1.2 14.00 87.00 101.00 NOTE

Check Details

Version: 0.1.2
Check: LazyData
Result: NOTE
     'LazyData' is specified without a 'data' directory
Flavors: r-devel-linux-x86_64-debian-clang, r-devel-linux-x86_64-debian-gcc, r-devel-linux-x86_64-fedora-clang, r-devel-linux-x86_64-fedora-gcc, r-devel-windows-x86_64, r-patched-linux-x86_64, r-release-linux-x86_64, r-release-macos-arm64, r-release-macos-x86_64, r-release-windows-x86_64, r-oldrel-macos-arm64, r-oldrel-macos-x86_64, r-oldrel-windows-ix86+x86_64