Last updated on 2023-10-01 06:53:23 CEST.
Flavor | Version | Tinstall | Tcheck | Ttotal | Status | Flags |
---|---|---|---|---|---|---|
r-devel-linux-x86_64-debian-clang | 0.1.2 | 4.92 | 65.86 | 70.78 | NOTE | |
r-devel-linux-x86_64-debian-gcc | 0.1.2 | 4.74 | 47.06 | 51.80 | NOTE | |
r-devel-linux-x86_64-fedora-clang | 0.1.2 | 84.57 | NOTE | |||
r-devel-linux-x86_64-fedora-gcc | 0.1.2 | 84.80 | NOTE | |||
r-devel-windows-x86_64 | 0.1.2 | 7.00 | 68.00 | 75.00 | NOTE | |
r-patched-linux-x86_64 | 0.1.2 | 5.82 | 62.81 | 68.63 | NOTE | |
r-release-linux-x86_64 | 0.1.2 | 5.09 | 62.45 | 67.54 | NOTE | |
r-release-macos-arm64 | 0.1.2 | 30.00 | NOTE | |||
r-release-macos-x86_64 | 0.1.2 | 44.00 | NOTE | |||
r-release-windows-x86_64 | 0.1.2 | 8.00 | 75.00 | 83.00 | NOTE | |
r-oldrel-macos-arm64 | 0.1.2 | 27.00 | NOTE | |||
r-oldrel-macos-x86_64 | 0.1.2 | 51.00 | NOTE | |||
r-oldrel-windows-x86_64 | 0.1.2 | 8.00 | 77.00 | 85.00 | NOTE |
Version: 0.1.2
Check: LazyData
Result: NOTE
'LazyData' is specified without a 'data' directory
Flavors: r-devel-linux-x86_64-debian-clang, r-devel-linux-x86_64-debian-gcc, r-devel-linux-x86_64-fedora-clang, r-devel-linux-x86_64-fedora-gcc, r-devel-windows-x86_64, r-patched-linux-x86_64, r-release-linux-x86_64, r-release-macos-arm64, r-release-macos-x86_64, r-release-windows-x86_64, r-oldrel-macos-arm64, r-oldrel-macos-x86_64, r-oldrel-windows-x86_64