CRAN Package Check Results for Package yager

Last updated on 2022-01-22 05:10:38 CET.

Flavor Version Tinstall Tcheck Ttotal Status Flags
r-devel-linux-x86_64-debian-clang 0.1.1 2.87 40.89 43.76 NOTE
r-devel-linux-x86_64-debian-gcc 0.1.1 2.34 31.46 33.80 NOTE
r-devel-linux-x86_64-fedora-clang 0.1.1 57.77 NOTE
r-devel-linux-x86_64-fedora-gcc 0.1.1 43.35 NOTE
r-devel-windows-x86_64-new-UL 0.1.1 25.00 66.00 91.00 NOTE
r-devel-windows-x86_64-new-TK 0.1.1 NOTE
r-patched-linux-x86_64 0.1.1 3.42 39.62 43.04 NOTE
r-release-linux-x86_64 0.1.1 2.74 39.35 42.09 NOTE
r-release-macos-arm64 0.1.1 NOTE
r-release-macos-x86_64 0.1.1 NOTE
r-release-windows-ix86+x86_64 0.1.1 8.00 56.00 64.00 NOTE
r-oldrel-macos-x86_64 0.1.1 OK
r-oldrel-windows-ix86+x86_64 0.1.1 8.00 55.00 63.00 OK

Check Details

Version: 0.1.1
Check: LazyData
Result: NOTE
     'LazyData' is specified without a 'data' directory
Flavors: r-devel-linux-x86_64-debian-clang, r-devel-linux-x86_64-debian-gcc, r-devel-linux-x86_64-fedora-clang, r-devel-linux-x86_64-fedora-gcc, r-devel-windows-x86_64-new-UL, r-devel-windows-x86_64-new-TK, r-patched-linux-x86_64, r-release-linux-x86_64, r-release-macos-arm64, r-release-macos-x86_64, r-release-windows-ix86+x86_64