CRAN Package Check Results for Package yarrr

Last updated on 2019-03-24 05:47:28 CET.

Flavor Version Tinstall Tcheck Ttotal Status Flags
r-devel-linux-x86_64-debian-clang 0.1.5 11.18 98.88 110.06 OK
r-devel-linux-x86_64-debian-gcc 0.1.5 9.21 78.46 87.67 OK
r-devel-linux-x86_64-fedora-clang 0.1.5 133.14 OK
r-devel-linux-x86_64-fedora-gcc 0.1.5 126.13 OK
r-devel-windows-ix86+x86_64 0.1.5 29.00 158.00 187.00 OK
r-patched-linux-x86_64 0.1.5 6.41 90.20 96.61 OK
r-patched-solaris-x86 0.1.5 178.60 OK
r-release-linux-x86_64 0.1.5 0.63 2.51 3.14 ERROR
r-release-windows-ix86+x86_64 0.1.5 14.00 111.00 125.00 OK
r-release-osx-x86_64 0.1.5 OK
r-oldrel-windows-ix86+x86_64 0.1.5 12.00 159.00 171.00 OK
r-oldrel-osx-x86_64 0.1.5 OK

Check Details

Version: 0.1.5
Check: whether package can be installed
Result: ERROR
    Installation failed.
Flavor: r-release-linux-x86_64