CRAN Package Check Results for Package yatah

Last updated on 2021-12-07 05:55:23 CET.

Flavor Version Tinstall Tcheck Ttotal Status Flags
r-devel-linux-x86_64-debian-clang 0.1.0 3.72 50.20 53.92 OK
r-devel-linux-x86_64-debian-gcc 0.1.0 3.33 40.09 43.42 OK
r-devel-linux-x86_64-fedora-clang 0.1.0 71.36 OK
r-devel-linux-x86_64-fedora-gcc 0.1.0 56.35 OK
r-devel-windows-x86_64-new-UL 0.1.0 12.00 89.00 101.00 OK
r-devel-windows-x86_64-new-TK 0.1.0 OK
r-devel-windows-x86_64-old 0.1.0 6.00 55.00 61.00 OK
r-patched-linux-x86_64 0.1.0 3.18 48.25 51.43 OK
r-release-linux-x86_64 0.1.0 3.35 48.55 51.90 OK
r-release-macos-arm64 0.1.0 OK
r-release-macos-x86_64 0.1.0 WARN
r-release-windows-ix86+x86_64 0.1.0 6.00 68.00 74.00 OK
r-oldrel-macos-x86_64 0.1.0 WARN
r-oldrel-windows-ix86+x86_64 0.1.0 9.00 68.00 77.00 WARN

Check Details

Version: 0.1.0
Check: package dependencies
Result: NOTE
    Package suggested but not available for checking: ‘ggtree’
Flavors: r-release-macos-x86_64, r-oldrel-macos-x86_64

Version: 0.1.0
Check: re-building of vignette outputs
Result: WARN
    Error(s) in re-building vignettes:
     ...
    --- re-building ‘gammaproteobacteria.Rmd’ using rmarkdown
    Warning in engine$weave(file, quiet = quiet, encoding = enc) :
     Pandoc (>= 1.12.3) not available. Falling back to R Markdown v1.
    Quitting from lines 24-27 (gammaproteobacteria.Rmd)
    Error: processing vignette 'gammaproteobacteria.Rmd' failed with diagnostics:
    there is no package called 'ggtree'
    --- failed re-building ‘gammaproteobacteria.Rmd’
    
    SUMMARY: processing the following file failed:
     ‘gammaproteobacteria.Rmd’
    
    Error: Vignette re-building failed.
    Execution halted
Flavor: r-release-macos-x86_64

Version: 0.1.0
Check: re-building of vignette outputs
Result: WARN
    Error(s) in re-building vignettes:
     ...
    --- re-building ‘gammaproteobacteria.Rmd’ using rmarkdown
    Warning in engine$weave(file, quiet = quiet, encoding = enc) :
     Pandoc (>= 1.12.3) and/or pandoc-citeproc not available. Falling back to R Markdown v1.
    Quitting from lines 24-27 (gammaproteobacteria.Rmd)
    Error: processing vignette 'gammaproteobacteria.Rmd' failed with diagnostics:
    there is no package called 'ggtree'
    --- failed re-building ‘gammaproteobacteria.Rmd’
    
    SUMMARY: processing the following file failed:
     ‘gammaproteobacteria.Rmd’
    
    Error: Vignette re-building failed.
    Execution halted
Flavor: r-oldrel-macos-x86_64

Version: 0.1.0
Check: re-building of vignette outputs
Result: WARN
    Error(s) in re-building vignettes:
    --- re-building 'gammaproteobacteria.Rmd' using rmarkdown
    Quitting from lines 24-27 (gammaproteobacteria.Rmd)
    Error: processing vignette 'gammaproteobacteria.Rmd' failed with diagnostics:
    package or namespace load failed for 'ggtree':
     object 'get_aes_var' is not exported by 'namespace:rvcheck'
    --- failed re-building 'gammaproteobacteria.Rmd'
    
    SUMMARY: processing the following file failed:
     'gammaproteobacteria.Rmd'
    
    Error: Vignette re-building failed.
    Execution halted
Flavor: r-oldrel-windows-ix86+x86_64