CRAN Package Check Results for Package youtubecaption

Last updated on 2020-01-19 05:47:24 CET.

Flavor Version Tinstall Tcheck Ttotal Status Flags
r-devel-linux-x86_64-debian-clang 0.1.3 2.21 26.35 28.56 OK
r-devel-linux-x86_64-debian-gcc 0.1.3 1.82 21.00 22.82 OK
r-devel-linux-x86_64-fedora-clang 0.1.3 35.78 OK
r-devel-linux-x86_64-fedora-gcc 0.1.3 35.68 OK
r-devel-windows-ix86+x86_64 0.1.3 12.00 54.00 66.00 OK
r-devel-windows-ix86+x86_64-gcc8 0.1.3 8.00 59.00 67.00 OK
r-patched-linux-x86_64 0.1.3 2.05 24.13 26.18 OK
r-patched-solaris-x86 0.1.3 52.50 OK
r-release-linux-x86_64 0.1.3 1.72 24.19 25.91 WARN
r-release-windows-ix86+x86_64 0.1.3 7.00 42.00 49.00 OK
r-release-osx-x86_64 0.1.3 OK
r-oldrel-windows-ix86+x86_64 0.1.3 5.00 58.00 63.00 OK
r-oldrel-osx-x86_64 0.1.3 OK

Check Details

Version: 0.1.3
Check: re-building of vignette outputs
Result: WARN
    Error(s) in re-building vignettes:
     ...
    --- re-building ‘youtubecaption_vignette.Rmd’ using rmarkdown
    Could not fetch https://codecov.io/gh/jooyoungseo/youtubecaption/branch/master/graph/badge.svg
    HttpExceptionRequest Request {
     host = "codecov.io"
     port = 443
     secure = True
     requestHeaders = []
     path = "/gh/jooyoungseo/youtubecaption/branch/master/graph/badge.svg"
     queryString = ""
     method = "GET"
     proxy = Nothing
     rawBody = False
     redirectCount = 10
     responseTimeout = ResponseTimeoutDefault
     requestVersion = HTTP/1.1
    }
     ConnectionTimeout
    Error: processing vignette 'youtubecaption_vignette.Rmd' failed with diagnostics:
    pandoc document conversion failed with error 61
    --- failed re-building ‘youtubecaption_vignette.Rmd’
    
    SUMMARY: processing the following file failed:
     ‘youtubecaption_vignette.Rmd’
    
    Error: Vignette re-building failed.
    Execution halted
Flavor: r-release-linux-x86_64