CRAN Package Check Results for Package zenplots

Last updated on 2019-06-24 05:58:26 CEST.

Flavor Version Tinstall Tcheck Ttotal Status Flags
r-devel-linux-x86_64-debian-clang 0.0-4 10.68 92.61 103.29 OK
r-devel-linux-x86_64-debian-gcc 0.0-4 8.55 72.01 80.56 OK
r-devel-linux-x86_64-fedora-clang 0.0-4 127.76 OK
r-devel-linux-x86_64-fedora-gcc 0.0-4 121.17 OK
r-devel-windows-ix86+x86_64 0.0-4 25.00 152.00 177.00 OK
r-patched-linux-x86_64 0.0-4 9.75 90.31 100.06 OK
r-patched-solaris-x86 0.0-4 173.60 OK
r-release-linux-x86_64 0.0-4 10.74 90.31 101.05 OK
r-release-windows-ix86+x86_64 0.0-4 16.00 197.00 213.00 OK
r-release-osx-x86_64 0.0-4 ERROR
r-oldrel-windows-ix86+x86_64 0.0-4 12.00 148.00 160.00 OK
r-oldrel-osx-x86_64 0.0-4 OK

Check Details

Version: 0.0-4
Check: package dependencies
Result: ERROR
    Packages required but not available: 'graph', 'PairViz'
    
    Package suggested but not available for checking: ‘Rgraphviz’
    
    See section ‘The DESCRIPTION file’ in the ‘Writing R Extensions’
    manual.
Flavor: r-release-osx-x86_64