CRAN Package Check Results for Package zipfR

Last updated on 2021-11-28 05:49:52 CET.

Flavor Version Tinstall Tcheck Ttotal Status Flags
r-devel-linux-x86_64-debian-clang 0.6-70 OK
r-devel-linux-x86_64-debian-gcc 0.6-70 7.76 79.69 87.45 OK
r-devel-linux-x86_64-fedora-clang 0.6-70 161.15 NOTE
r-devel-linux-x86_64-fedora-gcc 0.6-70 140.79 NOTE
r-devel-windows-x86_64-new-UL 0.6-70 25.00 137.00 162.00 OK
r-devel-windows-x86_64-new-TK 0.6-70 NOTE
r-devel-windows-x86_64-old 0.6-70 16.00 112.00 128.00 OK
r-patched-linux-x86_64 0.6-70 10.68 93.32 104.00 OK
r-patched-solaris-x86 0.6-70 195.50 NOTE
r-release-linux-x86_64 0.6-70 9.01 92.68 101.69 OK
r-release-macos-arm64 0.6-70 NOTE
r-release-macos-x86_64 0.6-70 NOTE
r-release-windows-ix86+x86_64 0.6-70 17.00 107.00 124.00 OK
r-oldrel-macos-x86_64 0.6-70 NOTE
r-oldrel-windows-ix86+x86_64 0.6-70 12.00 104.00 116.00 OK

Check Details

Version: 0.6-70
Check: data for non-ASCII characters
Result: NOTE
     Note: found 146804 marked UTF-8 strings
Flavors: r-devel-linux-x86_64-fedora-clang, r-devel-linux-x86_64-fedora-gcc, r-devel-windows-x86_64-new-TK, r-patched-solaris-x86, r-release-macos-arm64, r-release-macos-x86_64, r-oldrel-macos-x86_64