CRAN Package Check Results for Package ziphsmm

Last updated on 2019-08-24 05:47:12 CEST.

Flavor Version Tinstall Tcheck Ttotal Status Flags
r-devel-linux-x86_64-debian-clang 2.0.6 80.05 57.17 137.22 OK
r-devel-linux-x86_64-debian-gcc 2.0.6 65.72 44.03 109.75 OK
r-devel-linux-x86_64-fedora-clang 2.0.6 160.90 NOTE
r-devel-linux-x86_64-fedora-gcc 2.0.6 163.56 OK
r-devel-windows-ix86+x86_64 2.0.6 128.00 114.00 242.00 OK
r-patched-linux-x86_64 2.0.6 67.31 55.92 123.23 OK
r-patched-solaris-x86 2.0.6 186.40 OK
r-release-linux-x86_64 2.0.6 66.84 56.25 123.09 OK
r-release-windows-ix86+x86_64 2.0.6 193.00 164.00 357.00 OK
r-release-osx-x86_64 2.0.6 NOTE
r-oldrel-windows-ix86+x86_64 2.0.6 162.00 148.00 310.00 OK
r-oldrel-osx-x86_64 2.0.6 NOTE

Check Details

Version: 2.0.6
Check: installed package size
Result: NOTE
     installed size is 9.0Mb
     sub-directories of 1Mb or more:
     libs 8.6Mb
Flavors: r-devel-linux-x86_64-fedora-clang, r-release-osx-x86_64, r-oldrel-osx-x86_64