CRAN Package Check Results for Package ziphsmm

Last updated on 2020-01-19 05:47:24 CET.

Flavor Version Tinstall Tcheck Ttotal Status Flags
r-devel-linux-x86_64-debian-clang 2.0.6 89.02 59.86 148.88 OK
r-devel-linux-x86_64-debian-gcc 2.0.6 65.93 44.89 110.82 OK
r-devel-linux-x86_64-fedora-clang 2.0.6 173.45 NOTE
r-devel-linux-x86_64-fedora-gcc 2.0.6 169.77 OK
r-devel-windows-ix86+x86_64 2.0.6 131.00 128.00 259.00 OK
r-devel-windows-ix86+x86_64-gcc8 2.0.6 140.00 154.00 294.00 OK
r-patched-linux-x86_64 2.0.6 65.59 54.24 119.83 OK
r-patched-solaris-x86 2.0.6 177.90 OK
r-release-linux-x86_64 2.0.6 70.29 53.87 124.16 OK
r-release-windows-ix86+x86_64 2.0.6 178.00 118.00 296.00 OK
r-release-osx-x86_64 2.0.6 NOTE
r-oldrel-windows-ix86+x86_64 2.0.6 164.00 115.00 279.00 OK
r-oldrel-osx-x86_64 2.0.6 NOTE

Check Details

Version: 2.0.6
Check: installed package size
Result: NOTE
     installed size is 9.1Mb
     sub-directories of 1Mb or more:
     libs 8.7Mb
Flavors: r-devel-linux-x86_64-fedora-clang, r-release-osx-x86_64, r-oldrel-osx-x86_64