CRAN Package Check Results for Package zoltr

Last updated on 2022-01-27 05:56:11 CET.

Flavor Version Tinstall Tcheck Ttotal Status Flags
r-devel-linux-x86_64-debian-clang 0.5.1 4.60 57.25 61.85 NOTE
r-devel-linux-x86_64-debian-gcc 0.5.1 3.67 45.62 49.29 NOTE
r-devel-linux-x86_64-fedora-clang 0.5.1 77.78 NOTE
r-devel-linux-x86_64-fedora-gcc 0.5.1 83.46 NOTE
r-devel-windows-x86_64-new-UL 0.5.1 46.00 92.00 138.00 NOTE
r-devel-windows-x86_64-new-TK 0.5.1 NOTE
r-patched-linux-x86_64 0.5.1 3.72 54.69 58.41 NOTE
r-release-linux-x86_64 0.5.1 3.73 54.07 57.80 NOTE
r-release-macos-arm64 0.5.1 NOTE
r-release-macos-x86_64 0.5.1 NOTE
r-release-windows-ix86+x86_64 0.5.1 13.00 73.00 86.00 NOTE
r-oldrel-macos-x86_64 0.5.1 OK
r-oldrel-windows-ix86+x86_64 0.5.1 12.00 73.00 85.00 OK

Check Details

Version: 0.5.1
Check: LazyData
Result: NOTE
     'LazyData' is specified without a 'data' directory
Flavors: r-devel-linux-x86_64-debian-clang, r-devel-linux-x86_64-debian-gcc, r-devel-linux-x86_64-fedora-clang, r-devel-linux-x86_64-fedora-gcc, r-devel-windows-x86_64-new-UL, r-devel-windows-x86_64-new-TK, r-patched-linux-x86_64, r-release-linux-x86_64, r-release-macos-arm64, r-release-macos-x86_64, r-release-windows-ix86+x86_64