CRAN Package Check Results for Package ztpln

Last updated on 2020-11-27 05:49:12 CET.

Flavor Version Tinstall Tcheck Ttotal Status Flags
r-devel-linux-x86_64-debian-clang 0.1.1 66.40 100.42 166.82 OK
r-devel-linux-x86_64-debian-gcc 0.1.1 62.41 65.78 128.19 OK
r-devel-linux-x86_64-fedora-clang 0.1.1 159.11 NOTE
r-devel-linux-x86_64-fedora-gcc 0.1.1 147.12 OK
r-devel-windows-ix86+x86_64 0.1.1 114.00 136.00 250.00 OK
r-patched-linux-x86_64 0.1.1 81.82 96.87 178.69 OK
r-patched-solaris-x86 0.1.1 227.00 OK
r-release-linux-x86_64 0.1.1 71.86 95.33 167.19 OK
r-release-macos-x86_64 0.1.1 NOTE
r-release-windows-ix86+x86_64 0.1.1 118.00 141.00 259.00 OK
r-oldrel-macos-x86_64 0.1.1 NOTE
r-oldrel-windows-ix86+x86_64 0.1.1 107.00 163.00 270.00 OK

Check Details

Version: 0.1.1
Check: installed package size
Result: NOTE
     installed size is 7.4Mb
     sub-directories of 1Mb or more:
     libs 7.1Mb
Flavors: r-devel-linux-x86_64-fedora-clang, r-release-macos-x86_64, r-oldrel-macos-x86_64