Last updated on 2023-01-28 05:56:15 CET.
Flavor | Version | Tinstall | Tcheck | Ttotal | Status | Flags |
---|---|---|---|---|---|---|
r-devel-linux-x86_64-debian-clang | 1.0.1 | 5.72 | 68.44 | 74.16 | NOTE | |
r-devel-linux-x86_64-debian-gcc | 1.0.1 | 4.17 | 50.58 | 54.75 | NOTE | |
r-devel-linux-x86_64-fedora-clang | 1.0.1 | 92.78 | NOTE | |||
r-devel-linux-x86_64-fedora-gcc | 1.0.1 | 109.78 | NOTE | |||
r-devel-windows-x86_64 | 1.0.1 | 32.00 | 118.00 | 150.00 | NOTE | |
r-patched-linux-x86_64 | 1.0.1 | 5.23 | 66.60 | 71.83 | NOTE | |
r-release-linux-x86_64 | 1.0.1 | 5.25 | 68.27 | 73.52 | NOTE | |
r-release-macos-arm64 | 1.0.1 | 30.00 | NOTE | |||
r-release-macos-x86_64 | 1.0.1 | 63.00 | NOTE | |||
r-release-windows-x86_64 | 1.0.1 | 25.00 | 138.00 | 163.00 | NOTE | |
r-oldrel-macos-arm64 | 1.0.1 | 38.00 | NOTE | |||
r-oldrel-macos-x86_64 | 1.0.1 | 72.00 | NOTE | |||
r-oldrel-windows-ix86+x86_64 | 1.0.1 | 14.00 | 93.00 | 107.00 | NOTE |
Version: 1.0.1
Check: LazyData
Result: NOTE
'LazyData' is specified without a 'data' directory
Flavors: r-devel-linux-x86_64-debian-clang, r-devel-linux-x86_64-debian-gcc, r-devel-linux-x86_64-fedora-clang, r-devel-linux-x86_64-fedora-gcc, r-devel-windows-x86_64, r-patched-linux-x86_64, r-release-linux-x86_64, r-release-macos-arm64, r-release-macos-x86_64, r-release-windows-x86_64, r-oldrel-macos-arm64, r-oldrel-macos-x86_64, r-oldrel-windows-ix86+x86_64