CRAN Package Check Results for Package ACDC

Last updated on 2022-08-16 05:53:53 CEST.

Flavor Version Tinstall Tcheck Ttotal Status Flags
r-devel-linux-x86_64-debian-clang 1.0.0 7.76 91.54 99.30 NOTE
r-devel-linux-x86_64-debian-gcc 1.0.0 6.28 68.18 74.46 NOTE
r-devel-linux-x86_64-fedora-clang 1.0.0 127.55 NOTE
r-devel-linux-x86_64-fedora-gcc 1.0.0 124.02 NOTE
r-devel-windows-x86_64 1.0.0 21.00 110.00 131.00 NOTE
r-patched-linux-x86_64 1.0.0 6.31 85.30 91.61 OK
r-release-linux-x86_64 1.0.0 5.36 85.85 91.21 OK
r-release-macos-arm64 1.0.0 33.00 OK
r-release-macos-x86_64 1.0.0 64.00 OK
r-release-windows-x86_64 1.0.0 20.00 108.00 128.00 OK
r-oldrel-macos-arm64 1.0.0 34.00 OK
r-oldrel-macos-x86_64 1.0.0 46.00 OK
r-oldrel-windows-ix86+x86_64 1.0.0 18.00 117.00 135.00 OK

Check Details

Version: 1.0.0
Check: package subdirectories
Result: NOTE
    Problems with news in 'NEWS.md':
    No news entries found.
Flavors: r-devel-linux-x86_64-debian-clang, r-devel-linux-x86_64-debian-gcc, r-devel-linux-x86_64-fedora-clang, r-devel-linux-x86_64-fedora-gcc, r-devel-windows-x86_64