CRAN Package Check Results for Package ACDm

Last updated on 2019-12-15 05:47:31 CET.

Flavor Version Tinstall Tcheck Ttotal Status Flags
r-devel-linux-x86_64-debian-clang 1.0.4 15.30 72.72 88.02 OK
r-devel-linux-x86_64-debian-gcc 1.0.4 13.39 55.66 69.05 OK
r-devel-linux-x86_64-fedora-clang 1.0.4 108.71 NOTE
r-devel-linux-x86_64-fedora-gcc 1.0.4 105.15 NOTE
r-devel-windows-ix86+x86_64 1.0.4 35.00 145.00 180.00 OK
r-devel-windows-ix86+x86_64-gcc8 1.0.4 38.00 190.00 228.00 OK
r-patched-linux-x86_64 1.0.4 14.13 65.17 79.30 OK
r-patched-solaris-x86 1.0.4 155.70 OK
r-release-linux-x86_64 1.0.4 15.59 65.26 80.85 NOTE
r-release-windows-ix86+x86_64 1.0.4 36.00 140.00 176.00 OK
r-release-osx-x86_64 1.0.4 OK
r-oldrel-windows-ix86+x86_64 1.0.4 30.00 139.00 169.00 OK
r-oldrel-osx-x86_64 1.0.4 OK

Check Details

Version: 1.0.4
Check: compiled code
Result: NOTE
    File ‘ACDm/libs/ACDm.so’:
     Found no calls to: ‘R_registerRoutines’, ‘R_useDynamicSymbols’
    
    It is good practice to register native routines and to disable symbol
    search.
    
    See ‘Writing portable packages’ in the ‘Writing R Extensions’ manual.
Flavors: r-devel-linux-x86_64-fedora-clang, r-devel-linux-x86_64-fedora-gcc

Version: 1.0.4
Check: dependencies in R code
Result: NOTE
    No protocol specified
Flavor: r-release-linux-x86_64