CRAN Package Check Results for Package ACDm

Last updated on 2019-08-18 05:46:09 CEST.

Flavor Version Tinstall Tcheck Ttotal Status Flags
r-devel-linux-x86_64-debian-clang 1.0.4 15.88 67.63 83.51 OK
r-devel-linux-x86_64-debian-gcc 1.0.4 11.58 52.18 63.76 OK
r-devel-linux-x86_64-fedora-clang 1.0.4 102.96 NOTE
r-devel-linux-x86_64-fedora-gcc 1.0.4 97.52 NOTE
r-devel-windows-ix86+x86_64 1.0.4 45.00 232.00 277.00 OK
r-patched-linux-x86_64 1.0.4 13.36 66.88 80.24 OK
r-patched-solaris-x86 1.0.4 168.40 OK
r-release-linux-x86_64 1.0.4 13.35 66.11 79.46 OK
r-release-windows-ix86+x86_64 1.0.4 43.00 183.00 226.00 OK
r-release-osx-x86_64 1.0.4 OK
r-oldrel-windows-ix86+x86_64 1.0.4 47.00 143.00 190.00 OK
r-oldrel-osx-x86_64 1.0.4 OK

Check Details

Version: 1.0.4
Check: compiled code
Result: NOTE
    File ‘ACDm/libs/ACDm.so’:
     Found no calls to: ‘R_registerRoutines’, ‘R_useDynamicSymbols’
    
    It is good practice to register native routines and to disable symbol
    search.
    
    See ‘Writing portable packages’ in the ‘Writing R Extensions’ manual.
Flavors: r-devel-linux-x86_64-fedora-clang, r-devel-linux-x86_64-fedora-gcc