CRAN Package Check Results for Package ADAPTS

Last updated on 2019-08-18 05:46:09 CEST.

Flavor Version Tinstall Tcheck Ttotal Status Flags
r-devel-linux-x86_64-debian-clang 0.9.21 3.74 70.60 74.34 OK
r-devel-linux-x86_64-debian-gcc 0.9.21 3.14 55.43 58.57 OK
r-devel-linux-x86_64-fedora-clang 0.9.21 90.51 OK
r-devel-linux-x86_64-fedora-gcc 0.9.21 92.43 OK
r-devel-windows-ix86+x86_64 0.9.21 17.00 129.00 146.00 OK
r-patched-linux-x86_64 0.9.21 3.86 71.30 75.16 OK
r-patched-solaris-x86 0.9.21 124.20 OK
r-release-linux-x86_64 0.9.21 3.38 70.44 73.82 OK
r-release-windows-ix86+x86_64 0.9.21 13.00 121.00 134.00 OK
r-release-osx-x86_64 0.9.21 ERROR
r-oldrel-windows-ix86+x86_64 0.9.21 12.00 112.00 124.00 OK
r-oldrel-osx-x86_64 0.9.21 ERROR

Check Details

Version: 0.9.21
Check: package dependencies
Result: ERROR
    Packages required but not available:
     'WGCNA', 'preprocessCore', 'pcaMethods', 'DeconRNASeq'
    
    See section ‘The DESCRIPTION file’ in the ‘Writing R Extensions’
    manual.
Flavor: r-release-osx-x86_64

Version: 0.9.21
Check: package dependencies
Result: ERROR
    Package required but not available: ‘DeconRNASeq’
    
    See section ‘The DESCRIPTION file’ in the ‘Writing R Extensions’
    manual.
Flavor: r-oldrel-osx-x86_64