CRAN Package Check Results for Package ADAPTS

Last updated on 2019-12-15 05:47:31 CET.

Flavor Version Tinstall Tcheck Ttotal Status Flags
r-devel-linux-x86_64-debian-clang 0.9.26 4.50 78.37 82.87 OK
r-devel-linux-x86_64-debian-gcc 0.9.26 3.39 59.66 63.05 OK
r-devel-linux-x86_64-fedora-clang 0.9.26 106.02 OK
r-devel-linux-x86_64-fedora-gcc 0.9.26 94.93 OK
r-devel-windows-ix86+x86_64 0.9.26 12.00 95.00 107.00 OK
r-devel-windows-ix86+x86_64-gcc8 0.9.26 18.00 132.00 150.00 OK
r-patched-linux-x86_64 0.9.26 3.58 70.92 74.50 OK
r-patched-solaris-x86 0.9.26 120.20 OK
r-release-linux-x86_64 0.9.26 3.48 68.77 72.25 OK
r-release-windows-ix86+x86_64 0.9.26 9.00 88.00 97.00 OK
r-release-osx-x86_64 0.9.26 ERROR
r-oldrel-windows-ix86+x86_64 0.9.26 7.00 79.00 86.00 OK
r-oldrel-osx-x86_64 0.9.26 ERROR

Check Details

Version: 0.9.26
Check: package dependencies
Result: ERROR
    Packages required but not available: 'WGCNA', 'DeconRNASeq'
    
    See section ‘The DESCRIPTION file’ in the ‘Writing R Extensions’
    manual.
Flavor: r-release-osx-x86_64

Version: 0.9.26
Check: package dependencies
Result: ERROR
    Package required but not available: ‘DeconRNASeq’
    
    See section ‘The DESCRIPTION file’ in the ‘Writing R Extensions’
    manual.
Flavor: r-oldrel-osx-x86_64