CRAN Package Check Results for Package ADGofTest

Last updated on 2020-02-27 05:48:39 CET.

Flavor Version Tinstall Tcheck Ttotal Status Flags
r-devel-linux-x86_64-debian-clang 0.3 1.86 11.46 13.32 NOTE
r-devel-linux-x86_64-debian-gcc 0.3 1.15 13.61 14.76 NOTE
r-devel-linux-x86_64-fedora-clang 0.3 23.32 NOTE
r-devel-linux-x86_64-fedora-gcc 0.3 21.93 NOTE
r-devel-windows-ix86+x86_64 0.3 6.00 29.00 35.00 NOTE
r-devel-windows-ix86+x86_64-gcc8 0.3 5.00 28.00 33.00 NOTE
r-patched-linux-x86_64 0.3 1.26 10.55 11.81 NOTE
r-patched-solaris-x86 0.3 33.30 NOTE
r-release-linux-x86_64 0.3 1.24 9.91 11.15 NOTE
r-release-windows-ix86+x86_64 0.3 4.00 38.00 42.00 NOTE
r-release-osx-x86_64 0.3 NOTE
r-oldrel-windows-ix86+x86_64 0.3 3.00 26.00 29.00 NOTE
r-oldrel-osx-x86_64 0.3 NOTE

Check Details

Version: 0.3
Check: DESCRIPTION meta-information
Result: NOTE
    Malformed Description field: should contain one or more complete sentences.
Flavors: r-devel-linux-x86_64-debian-clang, r-devel-linux-x86_64-debian-gcc, r-devel-linux-x86_64-fedora-clang, r-devel-linux-x86_64-fedora-gcc, r-devel-windows-ix86+x86_64, r-devel-windows-ix86+x86_64-gcc8, r-patched-linux-x86_64, r-patched-solaris-x86, r-release-linux-x86_64, r-release-windows-ix86+x86_64, r-release-osx-x86_64, r-oldrel-windows-ix86+x86_64, r-oldrel-osx-x86_64