CRAN Package Check Results for Package ADMM

Last updated on 2021-10-22 05:59:37 CEST.

Flavor Version Tinstall Tcheck Ttotal Status Flags
r-devel-linux-x86_64-debian-clang 0.3.3 67.39 66.53 133.92 OK
r-devel-linux-x86_64-debian-gcc 0.3.3 53.83 50.73 104.56 OK
r-devel-linux-x86_64-fedora-clang 0.3.3 200.79 NOTE
r-devel-linux-x86_64-fedora-gcc 0.3.3 179.16 OK
r-devel-windows-x86_64 0.3.3 86.00 106.00 192.00 OK
r-devel-windows-x86_64-gcc10-UCRT 0.3.3 OK
r-patched-linux-x86_64 0.3.3 63.77 64.84 128.61 OK
r-patched-solaris-x86 0.3.3 190.10 OK
r-release-linux-x86_64 0.3.3 61.85 64.91 126.76 OK
r-release-macos-arm64 0.3.3 NOTE
r-release-macos-x86_64 0.3.3 NOTE
r-release-windows-ix86+x86_64 0.3.3 121.00 132.00 253.00 OK
r-oldrel-macos-x86_64 0.3.3 NOTE
r-oldrel-windows-ix86+x86_64 0.3.3 165.00 127.00 292.00 OK

Check Details

Version: 0.3.3
Check: installed package size
Result: NOTE
     installed size is 5.4Mb
     sub-directories of 1Mb or more:
     libs 5.2Mb
Flavors: r-devel-linux-x86_64-fedora-clang, r-release-macos-arm64, r-release-macos-x86_64, r-oldrel-macos-x86_64