CRAN Package Check Results for Package ADMMnet

Last updated on 2021-10-21 05:50:50 CEST.

Flavor Version Tinstall Tcheck Ttotal Status Flags
r-devel-linux-x86_64-debian-clang 0.1.1 41.17 67.97 109.14 OK
r-devel-linux-x86_64-debian-gcc 0.1.1 33.13 53.14 86.27 OK
r-devel-linux-x86_64-fedora-clang 0.1.1 159.05 NOTE
r-devel-linux-x86_64-fedora-gcc 0.1.1 140.83 NOTE
r-devel-windows-x86_64 0.1.1 49.00 102.00 151.00 OK
r-devel-windows-x86_64-gcc10-UCRT 0.1.1 OK
r-patched-linux-x86_64 0.1.1 41.75 66.21 107.96 OK
r-patched-solaris-x86 0.1.1 164.50 OK
r-release-linux-x86_64 0.1.1 40.94 66.50 107.44 OK
r-release-macos-arm64 0.1.1 NOTE
r-release-macos-x86_64 0.1.1 NOTE
r-release-windows-ix86+x86_64 0.1.1 66.00 133.00 199.00 OK
r-oldrel-macos-x86_64 0.1.1 NOTE
r-oldrel-windows-ix86+x86_64 0.1.1 95.00 126.00 221.00 OK

Check Details

Version: 0.1.1
Check: installed package size
Result: NOTE
     installed size is 5.7Mb
     sub-directories of 1Mb or more:
     libs 5.5Mb
Flavors: r-devel-linux-x86_64-fedora-clang, r-release-macos-arm64, r-release-macos-x86_64, r-oldrel-macos-x86_64

Version: 0.1.1
Check: compiled code
Result: NOTE
    File ‘ADMMnet/libs/ADMMnet.so’:
     Found no calls to: ‘R_registerRoutines’, ‘R_useDynamicSymbols’
    
    It is good practice to register native routines and to disable symbol
    search.
    
    See ‘Writing portable packages’ in the ‘Writing R Extensions’ manual.
Flavors: r-devel-linux-x86_64-fedora-clang, r-devel-linux-x86_64-fedora-gcc