CRAN Package Check Results for Package AEDForecasting

Last updated on 2021-09-21 05:50:52 CEST.

Flavor Version Tinstall Tcheck Ttotal Status Flags
r-devel-linux-x86_64-debian-clang 0.20.0 1.88 26.71 28.59 NOTE
r-devel-linux-x86_64-debian-gcc 0.20.0 1.88 20.07 21.95 NOTE
r-devel-linux-x86_64-fedora-clang 0.20.0 44.20 NOTE
r-devel-linux-x86_64-fedora-gcc 0.20.0 33.19 NOTE
r-devel-windows-x86_64 0.20.0 3.00 34.00 37.00 NOTE
r-devel-windows-x86_64-gcc10-UCRT 0.20.0 ERROR
r-patched-linux-x86_64 0.20.0 2.39 25.58 27.97 NOTE
r-patched-solaris-x86 0.20.0 49.80 NOTE
r-release-linux-x86_64 0.20.0 2.04 26.24 28.28 NOTE
r-release-macos-arm64 0.20.0 NOTE
r-release-macos-x86_64 0.20.0 NOTE
r-release-windows-ix86+x86_64 0.20.0 5.00 43.00 48.00 NOTE
r-oldrel-macos-x86_64 0.20.0 OK
r-oldrel-windows-ix86+x86_64 0.20.0 5.00 32.00 37.00 OK

Check Details

Version: 0.20.0
Check: LazyData
Result: NOTE
     'LazyData' is specified without a 'data' directory
Flavors: r-devel-linux-x86_64-debian-clang, r-devel-linux-x86_64-debian-gcc, r-devel-linux-x86_64-fedora-clang, r-devel-linux-x86_64-fedora-gcc, r-devel-windows-x86_64, r-devel-windows-x86_64-gcc10-UCRT, r-patched-linux-x86_64, r-patched-solaris-x86, r-release-linux-x86_64, r-release-macos-arm64, r-release-macos-x86_64, r-release-windows-ix86+x86_64

Version: 0.20.0
Check: whether package can be installed
Result: WARN
    Found the following significant warnings:
     WARNING: installation-time patches will not be applied, could not get the patches index
Flavor: r-devel-windows-x86_64-gcc10-UCRT

Version: 0.20.0
Check: PDF version of manual
Result: WARN
    LaTeX errors when creating PDF version.
    This typically indicates Rd problems.
Flavor: r-devel-windows-x86_64-gcc10-UCRT

Version: 0.20.0
Check: PDF version of manual without hyperrefs or index
Result: ERROR
    Re-running with no redirection of stdout/stderr.
Flavor: r-devel-windows-x86_64-gcc10-UCRT