Last updated on 2022-08-12 05:52:41 CEST.
Flavor | Version | Tinstall | Tcheck | Ttotal | Status | Flags |
---|---|---|---|---|---|---|
r-devel-linux-x86_64-debian-clang | 0.1.0 | 10.52 | 102.05 | 112.57 | OK | |
r-devel-linux-x86_64-debian-gcc | 0.1.0 | 8.03 | 76.79 | 84.82 | OK | |
r-devel-linux-x86_64-fedora-clang | 0.1.0 | 152.24 | NOTE | |||
r-devel-linux-x86_64-fedora-gcc | 0.1.0 | 139.55 | NOTE | |||
r-devel-windows-x86_64 | 0.1.0 | 23.00 | 130.00 | 153.00 | OK | |
r-patched-linux-x86_64 | 0.1.0 | 10.12 | 95.01 | 105.13 | OK | |
r-release-linux-x86_64 | 0.1.0 | 9.82 | 98.09 | 107.91 | OK | |
r-release-macos-arm64 | 0.1.0 | 42.00 | NOTE | |||
r-release-macos-x86_64 | 0.1.0 | 72.00 | NOTE | |||
r-release-windows-x86_64 | 0.1.0 | 23.00 | 141.00 | 164.00 | OK | |
r-oldrel-macos-arm64 | 0.1.0 | 39.00 | NOTE | |||
r-oldrel-macos-x86_64 | 0.1.0 | 58.00 | NOTE | |||
r-oldrel-windows-ix86+x86_64 | 0.1.0 | 24.00 | 127.00 | 151.00 | OK |
Version: 0.1.0
Check: dependencies in R code
Result: NOTE
Namespaces in Imports field not imported from:
‘regclass’ ‘writexl’
All declared Imports should be used.
Flavors: r-devel-linux-x86_64-fedora-clang, r-devel-linux-x86_64-fedora-gcc, r-release-macos-arm64, r-release-macos-x86_64, r-oldrel-macos-arm64, r-oldrel-macos-x86_64