CRAN Package Check Results for Package AGread

Last updated on 2021-12-08 05:58:30 CET.

Flavor Version Tinstall Tcheck Ttotal Status Flags
r-devel-linux-x86_64-debian-clang 1.1.1 107.76 59.62 167.38 OK
r-devel-linux-x86_64-debian-gcc 1.1.1 75.99 52.85 128.84 OK
r-devel-linux-x86_64-fedora-clang 1.1.1 266.74 OK
r-devel-linux-x86_64-fedora-gcc 1.1.1 243.42 OK
r-devel-windows-x86_64-new-UL 1.1.1 139.00 156.00 295.00 OK
r-devel-windows-x86_64-new-TK 1.1.1 OK
r-devel-windows-x86_64-old 1.1.1 145.00 103.00 248.00 OK
r-patched-linux-x86_64 1.1.1 96.23 70.53 166.76 OK
r-release-linux-x86_64 1.1.1 83.89 68.29 152.18 OK
r-release-macos-arm64 1.1.1 NOTE
r-release-macos-x86_64 1.1.1 OK
r-release-windows-ix86+x86_64 1.1.1 201.00 132.00 333.00 OK
r-oldrel-macos-x86_64 1.1.1 OK
r-oldrel-windows-ix86+x86_64 1.1.1 260.00 143.00 403.00 OK

Additional issues

clang-UBSAN

Check Details

Version: 1.1.1
Check: installed package size
Result: NOTE
     installed size is 5.1Mb
     sub-directories of 1Mb or more:
     libs 3.6Mb
Flavor: r-release-macos-arm64