CRAN Package Check Results for Package AHM

Last updated on 2021-10-24 05:54:57 CEST.

Flavor Version Tinstall Tcheck Ttotal Status Flags
r-devel-linux-x86_64-debian-clang 1.0.1 17.58 106.57 124.15 OK
r-devel-linux-x86_64-debian-gcc 1.0.1 12.73 81.38 94.11 OK
r-devel-linux-x86_64-fedora-clang 1.0.1 157.63 NOTE
r-devel-linux-x86_64-fedora-gcc 1.0.1 143.29 NOTE
r-devel-windows-x86_64 1.0.1 27.00 143.00 170.00 OK
r-devel-windows-x86_64-gcc10-UCRT 1.0.1 NOTE
r-patched-linux-x86_64 1.0.1 17.20 99.21 116.41 OK
r-patched-solaris-x86 1.0.1 198.50 NOTE
r-release-linux-x86_64 1.0.1 14.22 102.39 116.61 OK
r-release-macos-arm64 1.0.1 NOTE
r-release-macos-x86_64 1.0.1 NOTE
r-release-windows-ix86+x86_64 1.0.1 24.00 110.00 134.00 OK
r-oldrel-macos-x86_64 1.0.1 NOTE
r-oldrel-windows-ix86+x86_64 1.0.1 37.00 123.00 160.00 OK

Check Details

Version: 1.0.1
Check: dependencies in R code
Result: NOTE
    Namespaces in Imports field not imported from:
     ‘devtools’ ‘mixexp’
     All declared Imports should be used.
Flavors: r-devel-linux-x86_64-fedora-clang, r-devel-linux-x86_64-fedora-gcc, r-devel-windows-x86_64-gcc10-UCRT, r-patched-solaris-x86, r-release-macos-arm64, r-release-macos-x86_64, r-oldrel-macos-x86_64