CRAN Package Check Results for Package AHMbook

Last updated on 2021-10-22 05:59:37 CEST.

Flavor Version Tinstall Tcheck Ttotal Status Flags
r-devel-linux-x86_64-debian-clang 0.2.3 28.95 329.89 358.84 OK
r-devel-linux-x86_64-debian-gcc 0.2.3 26.74 245.44 272.18 OK
r-devel-linux-x86_64-fedora-clang 0.2.3 465.47 OK
r-devel-linux-x86_64-fedora-gcc 0.2.3 479.24 OK
r-devel-windows-x86_64 0.2.3 50.00 405.00 455.00 OK
r-devel-windows-x86_64-gcc10-UCRT 0.2.3 OK
r-patched-linux-x86_64 0.2.3 33.69 319.62 353.31 OK
r-patched-solaris-x86 0.2.3 552.00 OK
r-release-linux-x86_64 0.2.3 27.31 320.21 347.52 OK
r-release-macos-arm64 0.2.3 OK
r-release-macos-x86_64 0.2.3 OK
r-release-windows-ix86+x86_64 0.2.3 53.00 387.00 440.00 OK
r-oldrel-macos-x86_64 0.2.3 OK
r-oldrel-windows-ix86+x86_64 0.2.3 26.00 9.00 35.00 ERROR

Additional issues

M1mac

Check Details

Version: 0.2.3
Check: whether package can be installed
Result: ERROR
    Installation failed.
Flavor: r-oldrel-windows-ix86+x86_64