CRAN Package Check Results for Package AHPhybrid

Last updated on 2021-10-26 05:59:42 CEST.

Flavor Version Tinstall Tcheck Ttotal Status Flags
r-devel-linux-x86_64-debian-clang 0.1.0 1.79 13.45 15.24 NOTE
r-devel-linux-x86_64-debian-gcc 0.1.0 1.58 15.91 17.49 NOTE
r-devel-linux-x86_64-fedora-clang 0.1.0 38.18 NOTE
r-devel-linux-x86_64-fedora-gcc 0.1.0 28.18 NOTE
r-devel-windows-x86_64 0.1.0 3.00 35.00 38.00 NOTE
r-devel-windows-x86_64-gcc10-UCRT 0.1.0 NOTE
r-patched-linux-x86_64 0.1.0 1.96 11.23 13.19 NOTE
r-patched-solaris-x86 0.1.0 42.80 NOTE
r-release-linux-x86_64 0.1.0 1.75 11.48 13.23 NOTE
r-release-macos-arm64 0.1.0 NOTE
r-release-macos-x86_64 0.1.0 NOTE
r-release-windows-ix86+x86_64 0.1.0 5.00 35.00 40.00 NOTE
r-oldrel-macos-x86_64 0.1.0 OK
r-oldrel-windows-ix86+x86_64 0.1.0 6.00 35.00 41.00 OK

Check Details

Version: 0.1.0
Check: LazyData
Result: NOTE
     'LazyData' is specified without a 'data' directory
Flavors: r-devel-linux-x86_64-debian-clang, r-devel-linux-x86_64-debian-gcc, r-devel-linux-x86_64-fedora-clang, r-devel-linux-x86_64-fedora-gcc, r-devel-windows-x86_64, r-devel-windows-x86_64-gcc10-UCRT, r-patched-linux-x86_64, r-patched-solaris-x86, r-release-linux-x86_64, r-release-macos-arm64, r-release-macos-x86_64, r-release-windows-ix86+x86_64