CRAN Package Check Results for Package ALTopt

Last updated on 2021-10-17 05:49:01 CEST.

Flavor Version Tinstall Tcheck Ttotal Status Flags
r-devel-linux-x86_64-debian-clang 0.1.2 3.58 27.99 31.57 NOTE
r-devel-linux-x86_64-debian-gcc 0.1.2 2.58 22.16 24.74 NOTE
r-devel-linux-x86_64-fedora-clang 0.1.2 48.65 NOTE
r-devel-linux-x86_64-fedora-gcc 0.1.2 37.65 NOTE
r-devel-windows-x86_64 0.1.2 6.00 48.00 54.00 NOTE
r-devel-windows-x86_64-gcc10-UCRT 0.1.2 NOTE
r-patched-linux-x86_64 0.1.2 3.20 27.61 30.81 NOTE
r-patched-solaris-x86 0.1.2 54.80 NOTE
r-release-linux-x86_64 0.1.2 3.44 30.18 33.62 NOTE
r-release-macos-arm64 0.1.2 NOTE
r-release-macos-x86_64 0.1.2 NOTE
r-release-windows-ix86+x86_64 0.1.2 5.00 49.00 54.00 NOTE
r-oldrel-macos-x86_64 0.1.2 OK
r-oldrel-windows-ix86+x86_64 0.1.2 7.00 47.00 54.00 OK

Check Details

Version: 0.1.2
Check: LazyData
Result: NOTE
     'LazyData' is specified without a 'data' directory
Flavors: r-devel-linux-x86_64-debian-clang, r-devel-linux-x86_64-debian-gcc, r-devel-linux-x86_64-fedora-clang, r-devel-linux-x86_64-fedora-gcc, r-devel-windows-x86_64, r-devel-windows-x86_64-gcc10-UCRT, r-patched-linux-x86_64, r-patched-solaris-x86, r-release-linux-x86_64, r-release-macos-arm64, r-release-macos-x86_64, r-release-windows-ix86+x86_64