CRAN Package Check Results for Package AMAPVox

Last updated on 2022-08-19 05:52:43 CEST.

Flavor Version Tinstall Tcheck Ttotal Status Flags
r-devel-linux-x86_64-debian-clang 0.10.0 7.13 86.21 93.34 NOTE
r-devel-linux-x86_64-debian-gcc 0.10.0 6.00 63.17 69.17 NOTE
r-devel-linux-x86_64-fedora-clang 0.10.0 118.96 NOTE
r-devel-linux-x86_64-fedora-gcc 0.10.0 122.72 NOTE
r-devel-windows-x86_64 0.10.0 37.00 149.00 186.00 NOTE
r-patched-linux-x86_64 0.10.0 12.85 78.86 91.71 OK
r-release-linux-x86_64 0.10.0 OK
r-release-macos-arm64 0.10.0 36.00 OK
r-release-macos-x86_64 0.10.0 50.00 OK
r-release-windows-x86_64 0.10.0 45.00 121.00 166.00 OK
r-oldrel-macos-arm64 0.10.0 36.00 OK
r-oldrel-macos-x86_64 0.10.0 62.00 OK
r-oldrel-windows-ix86+x86_64 0.10.0 18.00 112.00 130.00 OK

Check Details

Version: 0.10.0
Check: HTML version of manual
Result: NOTE
    Found the following HTML validation problems:
    crop.html:31:52: Warning: inserting implicit <p>
    crop.html:31:52: Warning: trimming empty <p>
    merge.html:59:70: Warning: inserting implicit <p>
    merge.html:59:70: Warning: trimming empty <p>
Flavor: r-devel-linux-x86_64-debian-clang

Version: 0.10.0
Check: HTML version of manual
Result: NOTE
    Found the following HTML validation problems:
    crop.html:31:52: Warning: inserting implicit <p>
    merge.html:59:70: Warning: inserting implicit <p>
Flavors: r-devel-linux-x86_64-debian-gcc, r-devel-linux-x86_64-fedora-clang, r-devel-linux-x86_64-fedora-gcc

Version: 0.10.0
Check: Rd cross-references
Result: NOTE
    Undeclared package ‘sf’ in Rd xrefs
Flavor: r-devel-linux-x86_64-fedora-clang

Version: 0.10.0
Check: HTML version of manual
Result: NOTE
    Found the following HTML validation problems:
    crop.html:31:52: Warning: inserting implicit <p>
    
    
    crop.html:31:52: Warning: trimming empty <p>
    
    
    merge.html:59:70: Warning: inserting implicit <p>
    
    
    merge.html:59:70: Warning: trimming empty <p>
Flavor: r-devel-windows-x86_64