CRAN Package Check Results for Package AMCTestmakeR

Last updated on 2021-12-07 05:54:57 CET.

Flavor Version Tinstall Tcheck Ttotal Status Flags
r-devel-linux-x86_64-debian-clang 1.0.0 2.20 23.76 25.96 NOTE
r-devel-linux-x86_64-debian-gcc 1.0.0 1.65 25.33 26.98 NOTE
r-devel-linux-x86_64-fedora-clang 1.0.0 43.35 NOTE
r-devel-linux-x86_64-fedora-gcc 1.0.0 34.15 NOTE
r-devel-windows-x86_64-new-UL 1.0.0 8.00 67.00 75.00 NOTE
r-devel-windows-x86_64-new-TK 1.0.0 NOTE
r-devel-windows-x86_64-old 1.0.0 5.00 46.00 51.00 NOTE
r-patched-linux-x86_64 1.0.0 2.05 31.21 33.26 NOTE
r-release-linux-x86_64 1.0.0 1.95 30.24 32.19 NOTE
r-release-macos-arm64 1.0.0 NOTE
r-release-macos-x86_64 1.0.0 NOTE
r-release-windows-ix86+x86_64 1.0.0 4.00 40.00 44.00 NOTE
r-oldrel-macos-x86_64 1.0.0 OK
r-oldrel-windows-ix86+x86_64 1.0.0 5.00 42.00 47.00 OK

Check Details

Version: 1.0.0
Check: LazyData
Result: NOTE
     'LazyData' is specified without a 'data' directory
Flavors: r-devel-linux-x86_64-debian-clang, r-devel-linux-x86_64-debian-gcc, r-devel-linux-x86_64-fedora-clang, r-devel-linux-x86_64-fedora-gcc, r-devel-windows-x86_64-new-UL, r-devel-windows-x86_64-new-TK, r-devel-windows-x86_64-old, r-patched-linux-x86_64, r-release-linux-x86_64, r-release-macos-arm64, r-release-macos-x86_64, r-release-windows-ix86+x86_64