CRAN Package Check Results for Package AMModels

Last updated on 2021-11-26 05:57:36 CET.

Flavor Version Tinstall Tcheck Ttotal Status Flags
r-devel-linux-x86_64-debian-clang 0.1.4 36.83 252.82 289.65 OK
r-devel-linux-x86_64-debian-gcc 0.1.4 29.55 189.69 219.24 OK
r-devel-linux-x86_64-fedora-clang 0.1.4 364.13 OK
r-devel-linux-x86_64-fedora-gcc 0.1.4 364.61 OK
r-devel-windows-x86_64-new-UL 0.1.4 59.00 275.00 334.00 OK
r-devel-windows-x86_64-new-TK 0.1.4 OK
r-devel-windows-x86_64-old 0.1.4 46.00 232.00 278.00 OK
r-patched-linux-x86_64 0.1.4 36.04 247.26 283.30 OK
r-patched-solaris-x86 0.1.4 423.10 OK
r-release-linux-x86_64 0.1.4 OK
r-release-macos-arm64 0.1.4 OK
r-release-macos-x86_64 0.1.4 OK
r-release-windows-ix86+x86_64 0.1.4 73.00 277.00 350.00 OK
r-oldrel-macos-x86_64 0.1.4 NOTE
r-oldrel-windows-ix86+x86_64 0.1.4 55.00 288.00 343.00 OK

Check Details

Version: 0.1.4
Check: package dependencies
Result: NOTE
    Package suggested but not available for checking: ‘AICcmodavg’
Flavor: r-oldrel-macos-x86_64