CRAN Package Check Results for Package AMOEBA

Last updated on 2021-10-23 06:13:02 CEST.

Flavor Version Tinstall Tcheck Ttotal Status Flags
r-devel-linux-x86_64-debian-clang 1.1 25.42 266.66 292.08 NOTE
r-devel-linux-x86_64-debian-gcc 1.1 24.16 201.94 226.10 NOTE
r-devel-linux-x86_64-fedora-clang 1.1 362.39 NOTE
r-devel-linux-x86_64-fedora-gcc 1.1 348.24 NOTE
r-devel-windows-x86_64 1.1 44.00 310.00 354.00 NOTE
r-devel-windows-x86_64-gcc10-UCRT 1.1 NOTE
r-patched-linux-x86_64 1.1 23.49 253.89 277.38 NOTE
r-patched-solaris-x86 1.1 466.60 NOTE
r-release-linux-x86_64 1.1 27.51 256.68 284.19 NOTE
r-release-macos-arm64 1.1 NOTE
r-release-macos-x86_64 1.1 NOTE
r-release-windows-ix86+x86_64 1.1 49.00 255.00 304.00 NOTE
r-oldrel-macos-x86_64 1.1 NOTE
r-oldrel-windows-ix86+x86_64 1.1 38.00 171.00 209.00 NOTE

Check Details

Version: 1.1
Check: R code for possible problems
Result: NOTE
    AMOEBA : Classi: no visible global function definition for 'sd'
    Undefined global functions or variables:
     sd
    Consider adding
     importFrom("stats", "sd")
    to your NAMESPACE file.
Flavors: r-devel-linux-x86_64-debian-clang, r-devel-linux-x86_64-debian-gcc, r-devel-linux-x86_64-fedora-clang, r-devel-linux-x86_64-fedora-gcc, r-devel-windows-x86_64, r-devel-windows-x86_64-gcc10-UCRT, r-patched-linux-x86_64, r-patched-solaris-x86, r-release-linux-x86_64, r-release-macos-arm64, r-release-macos-x86_64, r-release-windows-ix86+x86_64, r-oldrel-macos-x86_64, r-oldrel-windows-ix86+x86_64