CRAN Package Check Results for Package ANN2

Last updated on 2021-10-22 05:59:38 CEST.

Flavor Version Tinstall Tcheck Ttotal Status Flags
r-devel-linux-x86_64-debian-clang 2.3.4 459.31 72.37 531.68 NOTE
r-devel-linux-x86_64-debian-gcc 2.3.4 339.81 55.41 395.22 NOTE
r-devel-linux-x86_64-fedora-clang 2.3.4 1013.98 NOTE
r-devel-linux-x86_64-fedora-gcc 2.3.4 733.93 NOTE
r-devel-windows-x86_64 2.3.4 473.00 106.00 579.00 NOTE
r-devel-windows-x86_64-gcc10-UCRT 2.3.4 NOTE
r-patched-linux-x86_64 2.3.4 345.21 68.58 413.79 NOTE
r-patched-solaris-x86 2.3.4 532.10 NOTE
r-release-linux-x86_64 2.3.4 373.39 65.13 438.52 NOTE
r-release-macos-arm64 2.3.4 NOTE
r-release-macos-x86_64 2.3.4 NOTE
r-release-windows-ix86+x86_64 2.3.4 782.00 154.00 936.00 NOTE
r-oldrel-macos-x86_64 2.3.4 NOTE
r-oldrel-windows-ix86+x86_64 2.3.4 963.00 127.00 1090.00 NOTE

Check Details

Version: 2.3.4
Check: LazyData
Result: NOTE
     'LazyData' is specified without a 'data' directory
Flavors: r-devel-linux-x86_64-debian-clang, r-devel-linux-x86_64-debian-gcc, r-devel-linux-x86_64-fedora-clang, r-devel-linux-x86_64-fedora-gcc, r-devel-windows-x86_64, r-devel-windows-x86_64-gcc10-UCRT, r-patched-linux-x86_64, r-patched-solaris-x86, r-release-linux-x86_64, r-release-macos-arm64, r-release-macos-x86_64, r-release-windows-ix86+x86_64

Version: 2.3.4
Check: installed package size
Result: NOTE
     installed size is 47.8Mb
     sub-directories of 1Mb or more:
     cereal 1.4Mb
     libs 46.2Mb
Flavors: r-devel-linux-x86_64-fedora-clang, r-release-macos-arm64, r-release-macos-x86_64, r-release-windows-ix86+x86_64, r-oldrel-macos-x86_64, r-oldrel-windows-ix86+x86_64