CRAN Package Check Results for Package ANOVAShiny

Last updated on 2020-06-04 05:48:53 CEST.

Flavor Version Tinstall Tcheck Ttotal Status Flags
r-devel-linux-x86_64-debian-clang 0.1.0 1.92 17.46 19.38 OK
r-devel-linux-x86_64-debian-gcc 0.1.0 1.78 14.26 16.04 OK
r-devel-linux-x86_64-fedora-clang 0.1.0 33.08 NOTE
r-devel-linux-x86_64-fedora-gcc 0.1.0 23.20 NOTE
r-devel-windows-ix86+x86_64 0.1.0 16.00 49.00 65.00 OK
r-patched-linux-x86_64 0.1.0 2.20 18.05 20.25 OK
r-patched-solaris-x86 0.1.0 38.70 NOTE
r-release-linux-x86_64 0.1.0 2.15 17.71 19.86 OK
r-release-osx-x86_64 0.1.0 NOTE
r-release-windows-ix86+x86_64 0.1.0 9.00 34.00 43.00 OK
r-oldrel-osx-x86_64 0.1.0 NOTE
r-oldrel-windows-ix86+x86_64 0.1.0 8.00 49.00 57.00 OK

Check Details

Version: 0.1.0
Check: dependencies in R code
Result: NOTE
    Namespaces in Imports field not imported from:
     ‘DescTools’ ‘HH’ ‘datasets’ ‘dplyr’ ‘rhandsontable’ ‘shiny’
     All declared Imports should be used.
Flavors: r-devel-linux-x86_64-fedora-clang, r-devel-linux-x86_64-fedora-gcc, r-patched-solaris-x86, r-release-osx-x86_64, r-oldrel-osx-x86_64