CRAN Package Check Results for Package ANOVAShiny

Last updated on 2019-09-18 05:46:52 CEST.

Flavor Version Tinstall Tcheck Ttotal Status Flags
r-devel-linux-x86_64-debian-clang 0.1.0 1.91 15.87 17.78 OK
r-devel-linux-x86_64-debian-gcc 0.1.0 1.44 13.11 14.55 OK
r-devel-linux-x86_64-fedora-clang 0.1.0 22.80 NOTE
r-devel-linux-x86_64-fedora-gcc 0.1.0 21.84 NOTE
r-devel-windows-ix86+x86_64 0.1.0 10.00 40.00 50.00 OK
r-patched-linux-x86_64 0.1.0 1.51 15.50 17.01 OK
r-patched-solaris-x86 0.1.0 36.10 NOTE
r-release-linux-x86_64 0.1.0 1.55 15.45 17.00 OK
r-release-windows-ix86+x86_64 0.1.0 5.00 32.00 37.00 OK
r-release-osx-x86_64 0.1.0 NOTE
r-oldrel-windows-ix86+x86_64 0.1.0 5.00 35.00 40.00 OK
r-oldrel-osx-x86_64 0.1.0 NOTE

Check Details

Version: 0.1.0
Check: dependencies in R code
Result: NOTE
    Namespaces in Imports field not imported from:
     ‘DescTools’ ‘HH’ ‘datasets’ ‘dplyr’ ‘rhandsontable’ ‘shiny’
     All declared Imports should be used.
Flavors: r-devel-linux-x86_64-fedora-clang, r-devel-linux-x86_64-fedora-gcc, r-patched-solaris-x86, r-release-osx-x86_64, r-oldrel-osx-x86_64