Last updated on 2023-02-02 06:03:17 CET.
Flavor | Version | Tinstall | Tcheck | Ttotal | Status | Flags |
---|---|---|---|---|---|---|
r-devel-linux-x86_64-debian-clang | 1.0.1 | 7.68 | 77.85 | 85.53 | OK | |
r-devel-linux-x86_64-debian-gcc | 1.0.1 | 6.30 | 56.97 | 63.27 | OK | |
r-devel-linux-x86_64-fedora-clang | 1.0.1 | 111.31 | NOTE | |||
r-devel-linux-x86_64-fedora-gcc | 1.0.1 | 127.94 | NOTE | |||
r-devel-windows-x86_64 | 1.0.1 | 19.00 | 156.00 | 175.00 | OK | |
r-patched-linux-x86_64 | 1.0.1 | 7.51 | 75.04 | 82.55 | OK | |
r-release-linux-x86_64 | 1.0.1 | 6.18 | 78.97 | 85.15 | OK | |
r-release-macos-arm64 | 1.0.1 | 62.00 | OK | |||
r-release-macos-x86_64 | 1.0.1 | 73.00 | OK | |||
r-release-windows-x86_64 | 1.0.1 | 21.00 | 172.00 | 193.00 | OK | |
r-oldrel-macos-arm64 | 1.0.1 | 61.00 | OK | |||
r-oldrel-macos-x86_64 | 1.0.1 | 106.00 | OK | |||
r-oldrel-windows-ix86+x86_64 | 1.0.1 | 19.00 | 188.00 | 207.00 | OK |
Version: 1.0.1
Check: compiled code
Result: NOTE
File ‘APIS/libs/APIS.so’:
Found no calls to: ‘R_registerRoutines’, ‘R_useDynamicSymbols’
It is good practice to register native routines and to disable symbol
search.
See ‘Writing portable packages’ in the ‘Writing R Extensions’ manual.
Flavors: r-devel-linux-x86_64-fedora-clang, r-devel-linux-x86_64-fedora-gcc