CRAN Package Check Results for Package APML

Last updated on 2022-01-22 05:10:09 CET.

Flavor Version Tinstall Tcheck Ttotal Status Flags
r-devel-linux-x86_64-debian-clang 0.0.3 6.17 72.71 78.88 OK
r-devel-linux-x86_64-debian-gcc 0.0.3 5.41 54.59 60.00 OK
r-devel-linux-x86_64-fedora-clang 0.0.3 90.50 NOTE
r-devel-linux-x86_64-fedora-gcc 0.0.4 85.56 NOTE
r-devel-windows-x86_64-new-UL 0.0.4 28.00 108.00 136.00 OK
r-release-linux-x86_64 0.0.3 7.32 70.79 78.11 OK
r-release-macos-arm64 0.0.2 NOTE
r-release-macos-x86_64 0.0.3 NOTE
r-release-windows-ix86+x86_64 0.0.3 21.00 81.00 102.00 OK
r-oldrel-macos-x86_64 0.0.2 NOTE
r-oldrel-windows-ix86+x86_64 0.0.3 20.00 113.00 133.00 OK

Check Details

Version: 0.0.3
Check: dependencies in R code
Result: NOTE
    Namespace in Imports field not imported from: ‘survival’
     All declared Imports should be used.
Flavors: r-devel-linux-x86_64-fedora-clang, r-release-macos-x86_64

Version: 0.0.4
Check: dependencies in R code
Result: NOTE
    Namespace in Imports field not imported from: ‘survival’
     All declared Imports should be used.
Flavor: r-devel-linux-x86_64-fedora-gcc

Version: 0.0.2
Check: dependencies in R code
Result: NOTE
    Namespaces in Imports field not imported from:
     ‘survival’ ‘tidyverse’
     All declared Imports should be used.
Flavors: r-release-macos-arm64, r-oldrel-macos-x86_64