CRAN Package Check Results for Package AQuadtree

Last updated on 2024-06-24 06:49:06 CEST.

Flavor Version Tinstall Tcheck Ttotal Status Flags
r-devel-linux-x86_64-debian-clang 1.0.4 10.86 139.25 150.11 OK
r-devel-linux-x86_64-debian-gcc 1.0.4 9.04 101.60 110.64 OK
r-devel-linux-x86_64-fedora-clang 1.0.4 186.25 OK
r-devel-linux-x86_64-fedora-gcc 1.0.4 189.23 OK
r-devel-windows-x86_64 1.0.4 11.00 123.00 134.00 OK
r-patched-linux-x86_64 1.0.4 11.65 131.21 142.86 OK
r-release-linux-x86_64 1.0.4 9.30 134.39 143.69 OK
r-release-macos-arm64 1.0.4 60.00 OK
r-release-macos-x86_64 1.0.4 108.00 OK
r-release-windows-x86_64 1.0.4 11.00 124.00 135.00 OK
r-oldrel-macos-arm64 1.0.4 60.00 OK
r-oldrel-macos-x86_64 1.0.4 94.00 NOTE
r-oldrel-windows-x86_64 1.0.4 15.00 155.00 170.00 OK

Check Details

Version: 1.0.4
Check: installed package size
Result: NOTE installed size is 5.8Mb sub-directories of 1Mb or more: data 4.7Mb Flavor: r-oldrel-macos-x86_64