CRAN Package Check Results for Package ARCokrig

Last updated on 2022-01-26 05:54:08 CET.

Flavor Version Tinstall Tcheck Ttotal Status Flags
r-devel-linux-x86_64-debian-clang 0.1.2 75.19 83.36 158.55 OK
r-devel-linux-x86_64-debian-gcc 0.1.2 58.46 62.58 121.04 OK
r-devel-linux-x86_64-fedora-clang 0.1.2 210.58 NOTE
r-devel-linux-x86_64-fedora-gcc 0.1.2 194.27 OK
r-devel-windows-x86_64-new-UL 0.1.2 84.00 142.00 226.00 OK
r-devel-windows-x86_64-new-TK 0.1.2 OK
r-patched-linux-x86_64 0.1.2 67.83 77.20 145.03 OK
r-release-linux-x86_64 0.1.2 65.87 76.58 142.45 OK
r-release-macos-arm64 0.1.2 NOTE
r-release-macos-x86_64 0.1.2 NOTE
r-release-windows-ix86+x86_64 0.1.2 153.00 122.00 275.00 OK
r-oldrel-macos-x86_64 0.1.2 NOTE
r-oldrel-windows-ix86+x86_64 0.1.2 154.00 124.00 278.00 OK

Check Details

Version: 0.1.2
Check: installed package size
Result: NOTE
     installed size is 15.8Mb
     sub-directories of 1Mb or more:
     libs 15.5Mb
Flavors: r-devel-linux-x86_64-fedora-clang, r-release-macos-arm64, r-release-macos-x86_64, r-oldrel-macos-x86_64