CRAN Package Check Results for Package ASIP

Last updated on 2022-01-25 05:54:35 CET.

Flavor Version Tinstall Tcheck Ttotal Status Flags
r-devel-linux-x86_64-debian-clang 0.4.9 27.72 269.34 297.06 NOTE
r-devel-linux-x86_64-debian-gcc 0.4.9 28.24 237.22 265.46 NOTE
r-devel-linux-x86_64-fedora-clang 0.4.9 362.26 NOTE
r-devel-linux-x86_64-fedora-gcc 0.4.9 378.63 NOTE
r-devel-windows-x86_64-new-UL 0.4.9 86.00 286.00 372.00 NOTE
r-devel-windows-x86_64-new-TK 0.4.9 NOTE
r-patched-linux-x86_64 0.4.9 34.60 267.59 302.19 NOTE
r-release-linux-x86_64 0.4.9 28.01 263.97 291.98 NOTE
r-release-macos-arm64 0.4.9 NOTE
r-release-macos-x86_64 0.4.9 NOTE
r-release-windows-ix86+x86_64 0.4.9 64.00 273.00 337.00 NOTE
r-oldrel-macos-x86_64 0.4.9 OK
r-oldrel-windows-ix86+x86_64 0.4.9 68.00 293.00 361.00 OK

Check Details

Version: 0.4.9
Check: LazyData
Result: NOTE
     'LazyData' is specified without a 'data' directory
Flavors: r-devel-linux-x86_64-debian-clang, r-devel-linux-x86_64-debian-gcc, r-devel-linux-x86_64-fedora-clang, r-devel-linux-x86_64-fedora-gcc, r-devel-windows-x86_64-new-UL, r-devel-windows-x86_64-new-TK, r-patched-linux-x86_64, r-release-linux-x86_64, r-release-macos-arm64, r-release-macos-x86_64, r-release-windows-ix86+x86_64