CRAN Package Check Results for Package ActFrag

Last updated on 2021-10-26 05:59:42 CEST.

Flavor Version Tinstall Tcheck Ttotal Status Flags
r-devel-linux-x86_64-debian-clang 0.1.1 13.30 109.23 122.53 OK
r-devel-linux-x86_64-debian-gcc 0.1.1 10.09 82.52 92.61 OK
r-devel-linux-x86_64-fedora-clang 0.1.1 153.98 NOTE
r-devel-linux-x86_64-fedora-gcc 0.1.1 142.05 NOTE
r-devel-windows-x86_64 0.1.1 19.00 143.00 162.00 OK
r-devel-windows-x86_64-gcc10-UCRT 0.1.1 NOTE
r-patched-linux-x86_64 0.1.1 11.58 106.20 117.78 OK
r-patched-solaris-x86 0.1.1 200.20 NOTE
r-release-linux-x86_64 0.1.1 11.84 106.75 118.59 OK
r-release-macos-arm64 0.1.1 NOTE
r-release-macos-x86_64 0.1.1 NOTE
r-release-windows-ix86+x86_64 0.1.1 21.00 117.00 138.00 OK
r-oldrel-macos-x86_64 0.1.1 NOTE
r-oldrel-windows-ix86+x86_64 0.1.1 28.00 114.00 142.00 OK

Check Details

Version: 0.1.1
Check: dependencies in R code
Result: NOTE
    Namespace in Imports field not imported from: ‘tidyr’
     All declared Imports should be used.
Flavors: r-devel-linux-x86_64-fedora-clang, r-devel-linux-x86_64-fedora-gcc, r-devel-windows-x86_64-gcc10-UCRT, r-patched-solaris-x86, r-release-macos-arm64, r-release-macos-x86_64, r-oldrel-macos-x86_64