CRAN Package Check Results for Package AdMit

Last updated on 2019-08-19 05:46:18 CEST.

Flavor Version Tinstall Tcheck Ttotal Status Flags
r-devel-linux-x86_64-debian-clang 2.1.3 3.54 41.23 44.77 OK
r-devel-linux-x86_64-debian-gcc 2.1.3 2.43 31.80 34.23 OK
r-devel-linux-x86_64-fedora-clang 2.1.3 55.90 NOTE
r-devel-linux-x86_64-fedora-gcc 2.1.3 53.15 NOTE
r-devel-windows-ix86+x86_64 2.1.3 17.00 90.00 107.00 OK
r-patched-linux-x86_64 2.1.3 2.96 40.49 43.45 OK
r-patched-solaris-x86 2.1.3 77.80 OK
r-release-linux-x86_64 2.1.3 2.81 39.80 42.61 OK
r-release-windows-ix86+x86_64 2.1.3 10.00 66.00 76.00 OK
r-release-osx-x86_64 2.1.3 OK
r-oldrel-windows-ix86+x86_64 2.1.3 13.00 92.00 105.00 OK
r-oldrel-osx-x86_64 2.1.3 OK

Check Details

Version: 2.1.3
Check: compiled code
Result: NOTE
    File ‘AdMit/libs/AdMit.so’:
     Found no calls to: ‘R_registerRoutines’, ‘R_useDynamicSymbols’
    
    It is good practice to register native routines and to disable symbol
    search.
    
    See ‘Writing portable packages’ in the ‘Writing R Extensions’ manual.
Flavors: r-devel-linux-x86_64-fedora-clang, r-devel-linux-x86_64-fedora-gcc