CRAN Package Check Results for Package AdMit

Last updated on 2019-12-15 05:47:31 CET.

Flavor Version Tinstall Tcheck Ttotal Status Flags
r-devel-linux-x86_64-debian-clang 2.1.3 3.52 42.36 45.88 OK
r-devel-linux-x86_64-debian-gcc 2.1.3 2.83 32.41 35.24 OK
r-devel-linux-x86_64-fedora-clang 2.1.3 57.73 NOTE
r-devel-linux-x86_64-fedora-gcc 2.1.3 55.88 NOTE
r-devel-windows-ix86+x86_64 2.1.3 11.00 69.00 80.00 OK
r-devel-windows-ix86+x86_64-gcc8 2.1.3 11.00 100.00 111.00 OK
r-patched-linux-x86_64 2.1.3 2.93 39.25 42.18 OK
r-patched-solaris-x86 2.1.3 73.10 OK
r-release-linux-x86_64 2.1.3 2.84 39.33 42.17 OK
r-release-windows-ix86+x86_64 2.1.3 13.00 66.00 79.00 OK
r-release-osx-x86_64 2.1.3 OK
r-oldrel-windows-ix86+x86_64 2.1.3 10.00 65.00 75.00 OK
r-oldrel-osx-x86_64 2.1.3 OK

Check Details

Version: 2.1.3
Check: compiled code
Result: NOTE
    File ‘AdMit/libs/AdMit.so’:
     Found no calls to: ‘R_registerRoutines’, ‘R_useDynamicSymbols’
    
    It is good practice to register native routines and to disable symbol
    search.
    
    See ‘Writing portable packages’ in the ‘Writing R Extensions’ manual.
Flavors: r-devel-linux-x86_64-fedora-clang, r-devel-linux-x86_64-fedora-gcc