CRAN Package Check Results for Package AdapSamp

Last updated on 2021-10-16 05:51:13 CEST.

Flavor Version Tinstall Tcheck Ttotal Status Flags
r-devel-linux-x86_64-debian-clang 1.1.1 3.11 30.96 34.07 NOTE
r-devel-linux-x86_64-debian-gcc 1.1.1 2.47 23.97 26.44 NOTE
r-devel-linux-x86_64-fedora-clang 1.1.1 53.46 NOTE
r-devel-linux-x86_64-fedora-gcc 1.1.1 40.10 NOTE
r-devel-windows-x86_64 1.1.1 6.00 45.00 51.00 NOTE
r-devel-windows-x86_64-gcc10-UCRT 1.1.1 NOTE
r-patched-linux-x86_64 1.1.1 2.74 30.25 32.99 NOTE
r-patched-solaris-x86 1.1.1 56.10 NOTE
r-release-linux-x86_64 1.1.1 2.61 30.75 33.36 NOTE
r-release-macos-arm64 1.1.1 NOTE
r-release-macos-x86_64 1.1.1 NOTE
r-release-windows-ix86+x86_64 1.1.1 7.00 44.00 51.00 NOTE
r-oldrel-macos-x86_64 1.1.1 OK
r-oldrel-windows-ix86+x86_64 1.1.1 7.00 49.00 56.00 OK

Check Details

Version: 1.1.1
Check: LazyData
Result: NOTE
     'LazyData' is specified without a 'data' directory
Flavors: r-devel-linux-x86_64-debian-clang, r-devel-linux-x86_64-debian-gcc, r-devel-linux-x86_64-fedora-clang, r-devel-linux-x86_64-fedora-gcc, r-devel-windows-x86_64, r-devel-windows-x86_64-gcc10-UCRT, r-patched-linux-x86_64, r-patched-solaris-x86, r-release-linux-x86_64, r-release-macos-arm64, r-release-macos-x86_64, r-release-windows-ix86+x86_64