CRAN Package Check Results for Package AdaptFitOS

Last updated on 2021-10-22 05:59:37 CEST.

Flavor Version Tinstall Tcheck Ttotal Status Flags
r-devel-linux-x86_64-debian-clang 0.67 11.66 96.60 108.26 NOTE
r-devel-linux-x86_64-debian-gcc 0.67 9.70 72.83 82.53 NOTE
r-devel-linux-x86_64-fedora-clang 0.67 141.38 NOTE
r-devel-linux-x86_64-fedora-gcc 0.67 130.31 NOTE
r-devel-windows-x86_64 0.67 21.00 114.00 135.00 OK
r-devel-windows-x86_64-gcc10-UCRT 0.67 NOTE
r-patched-linux-x86_64 0.67 12.45 93.19 105.64 NOTE
r-patched-solaris-x86 0.67 191.10 NOTE
r-release-linux-x86_64 0.67 12.67 93.48 106.15 NOTE
r-release-macos-arm64 0.67 OK
r-release-macos-x86_64 0.67 OK
r-release-windows-ix86+x86_64 0.67 20.00 144.00 164.00 OK
r-oldrel-macos-x86_64 0.67 OK
r-oldrel-windows-ix86+x86_64 0.67 31.00 147.00 178.00 OK

Check Details

Version: 0.67
Check: Rd cross-references
Result: NOTE
    Unknown package 'AdaptFit' in Rd xrefs
Flavors: r-devel-linux-x86_64-debian-clang, r-devel-linux-x86_64-debian-gcc, r-devel-linux-x86_64-fedora-gcc, r-devel-windows-x86_64-gcc10-UCRT, r-patched-linux-x86_64, r-patched-solaris-x86, r-release-linux-x86_64

Version: 0.67
Check: Rd cross-references
Result: NOTE
    Undeclared packages ‘locfit’, ‘AdaptFit’ in Rd xrefs
    Unknown package ‘AdaptFit’ in Rd xrefs
Flavor: r-devel-linux-x86_64-fedora-clang