CRAN Package Check Results for Package AdhereR

Last updated on 2021-10-26 05:59:42 CEST.

Flavor Version Tinstall Tcheck Ttotal Status Flags
r-devel-linux-x86_64-debian-clang 0.7.0 22.20 110.58 132.78 OK
r-devel-linux-x86_64-debian-gcc 0.7.0 15.18 80.03 95.21 OK
r-devel-linux-x86_64-fedora-clang 0.7.0 163.15 OK
r-devel-linux-x86_64-fedora-gcc 0.7.0 149.86 OK
r-devel-windows-x86_64 0.7.0 30.00 132.00 162.00 OK
r-devel-windows-x86_64-gcc10-UCRT 0.7.0 OK
r-patched-linux-x86_64 0.7.0 19.45 107.64 127.09 OK
r-patched-solaris-x86 0.7.0 7.60 ERROR
r-release-linux-x86_64 0.7.0 18.73 107.00 125.73 OK
r-release-macos-arm64 0.7.0 OK
r-release-macos-x86_64 0.7.0 OK
r-release-windows-ix86+x86_64 0.7.0 22.00 126.00 148.00 OK
r-oldrel-macos-x86_64 0.7.0 OK
r-oldrel-windows-ix86+x86_64 0.7.0 33.00 132.00 165.00 OK

Check Details

Version: 0.7.0
Check: package dependencies
Result: ERROR
    Package required but not available: ‘rsvg’
    
    Package suggested but not available for checking: ‘AdhereRViz’
    
    See section ‘The DESCRIPTION file’ in the ‘Writing R Extensions’
    manual.
Flavor: r-patched-solaris-x86