CRAN Package Check Results for Package AdhereRViz

Last updated on 2021-12-02 05:48:49 CET.

Flavor Version Tinstall Tcheck Ttotal Status Flags
r-devel-linux-x86_64-debian-clang 0.2.0 8.23 64.95 73.18 OK
r-devel-linux-x86_64-debian-gcc 0.2.0 5.31 49.09 54.40 OK
r-devel-linux-x86_64-fedora-clang 0.2.0 103.08 NOTE
r-devel-linux-x86_64-fedora-gcc 0.2.0 97.94 NOTE
r-devel-windows-x86_64-new-UL 0.2.0 17.00 114.00 131.00 OK
r-devel-windows-x86_64-new-TK 0.2.0 NOTE
r-devel-windows-x86_64-old 0.2.0 14.00 81.00 95.00 OK
r-patched-linux-x86_64 0.2.0 8.08 60.50 68.58 OK
r-release-linux-x86_64 0.2.0 6.68 61.61 68.29 OK
r-release-macos-arm64 0.2.0 NOTE
r-release-macos-x86_64 0.2.0 NOTE
r-release-windows-ix86+x86_64 0.2.0 21.00 102.00 123.00 OK
r-oldrel-macos-x86_64 0.2.0 NOTE
r-oldrel-windows-ix86+x86_64 0.2.0 22.00 100.00 122.00 OK

Check Details

Version: 0.2.0
Check: dependencies in R code
Result: NOTE
    Namespaces in Imports field not imported from:
     ‘lubridate’ ‘parallel’ ‘rsvg’ ‘scales’
     All declared Imports should be used.
Flavors: r-devel-linux-x86_64-fedora-clang, r-devel-linux-x86_64-fedora-gcc, r-devel-windows-x86_64-new-TK, r-release-macos-arm64, r-release-macos-x86_64, r-oldrel-macos-x86_64