CRAN Package Check Results for Package AggregateR

Last updated on 2021-06-13 05:50:58 CEST.

Flavor Version Tinstall Tcheck Ttotal Status Flags
r-devel-linux-x86_64-debian-clang 0.1.1 3.79 38.26 42.05 NOTE
r-devel-linux-x86_64-debian-gcc 0.1.1 2.97 29.82 32.79 NOTE
r-devel-linux-x86_64-fedora-clang 0.1.1 58.92 NOTE
r-devel-linux-x86_64-fedora-gcc 0.1.1 47.55 NOTE
r-devel-windows-x86_64 0.1.1 6.00 104.00 110.00 NOTE
r-devel-windows-x86_64-gcc10-UCRT 0.1.1 NOTE
r-patched-linux-x86_64 0.1.1 2.84 37.06 39.90 NOTE
r-patched-solaris-x86 0.1.1 73.20 NOTE
r-release-linux-x86_64 0.1.1 3.33 36.11 39.44 NOTE
r-release-macos-arm64 0.1.1 NOTE
r-release-macos-x86_64 0.1.1 NOTE
r-release-windows-ix86+x86_64 0.1.1 7.00 53.00 60.00 NOTE
r-oldrel-macos-x86_64 0.1.1 OK
r-oldrel-windows-ix86+x86_64 0.1.1 27.00 131.00 158.00 OK

Check Details

Version: 0.1.1
Check: LazyData
Result: NOTE
     'LazyData' is specified without a 'data' directory
Flavors: r-devel-linux-x86_64-debian-clang, r-devel-linux-x86_64-debian-gcc, r-devel-linux-x86_64-fedora-clang, r-devel-linux-x86_64-fedora-gcc, r-devel-windows-x86_64, r-devel-windows-x86_64-gcc10-UCRT, r-patched-linux-x86_64, r-patched-solaris-x86, r-release-linux-x86_64, r-release-macos-arm64, r-release-macos-x86_64, r-release-windows-ix86+x86_64