CRAN Package Check Results for Package AggregateR

Last updated on 2022-01-28 05:48:49 CET.

Flavor Version Tinstall Tcheck Ttotal Status Flags
r-devel-linux-x86_64-debian-clang 0.1.1 3.85 48.62 52.47 NOTE
r-devel-linux-x86_64-debian-gcc 0.1.1 3.38 38.99 42.37 NOTE
r-devel-linux-x86_64-fedora-clang 0.1.1 62.12 NOTE
r-devel-linux-x86_64-fedora-gcc 0.1.1 50.25 NOTE
r-devel-windows-x86_64-new-UL 0.1.1 26.00 75.00 101.00 NOTE
r-devel-windows-x86_64-new-TK 0.1.1 NOTE
r-patched-linux-x86_64 0.1.1 3.86 44.73 48.59 NOTE
r-release-linux-x86_64 0.1.1 3.90 43.74 47.64 NOTE
r-release-macos-arm64 0.1.1 NOTE
r-release-macos-x86_64 0.1.1 NOTE
r-release-windows-ix86+x86_64 0.1.1 9.00 53.00 62.00 NOTE
r-oldrel-macos-x86_64 0.1.1 OK
r-oldrel-windows-ix86+x86_64 0.1.1 8.00 61.00 69.00 OK

Check Details

Version: 0.1.1
Check: LazyData
Result: NOTE
     'LazyData' is specified without a 'data' directory
Flavors: r-devel-linux-x86_64-debian-clang, r-devel-linux-x86_64-debian-gcc, r-devel-linux-x86_64-fedora-clang, r-devel-linux-x86_64-fedora-gcc, r-devel-windows-x86_64-new-UL, r-devel-windows-x86_64-new-TK, r-patched-linux-x86_64, r-release-linux-x86_64, r-release-macos-arm64, r-release-macos-x86_64, r-release-windows-ix86+x86_64