CRAN Package Check Results for Package AllPossibleSpellings

Last updated on 2021-10-23 06:13:01 CEST.

Flavor Version Tinstall Tcheck Ttotal Status Flags
r-devel-linux-x86_64-debian-clang 1.1 1.92 27.66 29.58 NOTE
r-devel-linux-x86_64-debian-gcc 1.1 1.58 22.69 24.27 NOTE
r-devel-linux-x86_64-fedora-clang 1.1 47.74 NOTE
r-devel-linux-x86_64-fedora-gcc 1.1 37.46 NOTE
r-devel-windows-x86_64 1.1 3.00 44.00 47.00 NOTE
r-devel-windows-x86_64-gcc10-UCRT 1.1 NOTE
r-patched-linux-x86_64 1.1 1.91 27.87 29.78 NOTE
r-patched-solaris-x86 1.1 60.90 NOTE
r-release-linux-x86_64 1.1 1.56 28.18 29.74 NOTE
r-release-macos-arm64 1.1 NOTE
r-release-macos-x86_64 1.1 NOTE
r-release-windows-ix86+x86_64 1.1 4.00 43.00 47.00 NOTE
r-oldrel-macos-x86_64 1.1 NOTE
r-oldrel-windows-ix86+x86_64 1.1 4.00 43.00 47.00 NOTE

Check Details

Version: 1.1
Check: DESCRIPTION meta-information
Result: NOTE
    Malformed Title field: should not end in a period.
Flavors: r-devel-linux-x86_64-debian-clang, r-devel-linux-x86_64-debian-gcc, r-devel-linux-x86_64-fedora-clang, r-devel-linux-x86_64-fedora-gcc, r-devel-windows-x86_64, r-devel-windows-x86_64-gcc10-UCRT, r-patched-linux-x86_64, r-patched-solaris-x86, r-release-linux-x86_64, r-release-macos-arm64, r-release-macos-x86_64, r-release-windows-ix86+x86_64, r-oldrel-macos-x86_64, r-oldrel-windows-ix86+x86_64

Version: 1.1
Check: R code for possible problems
Result: NOTE
    batch.possSpells.fnc: no visible binding for global variable 'words'
    possSpells.fnc: no visible binding for global variable 'len.phons'
    possSpells.fnc: no visible binding for global variable 'phon1'
    possSpells.fnc: no visible binding for global variable 'len.total'
    possSpells.fnc: no visible binding for global variable 'poss.spells'
    Undefined global functions or variables:
     len.phons len.total phon1 poss.spells words
Flavors: r-devel-linux-x86_64-debian-clang, r-devel-linux-x86_64-debian-gcc, r-devel-linux-x86_64-fedora-clang, r-devel-linux-x86_64-fedora-gcc, r-devel-windows-x86_64, r-devel-windows-x86_64-gcc10-UCRT, r-patched-linux-x86_64, r-patched-solaris-x86, r-release-linux-x86_64, r-release-macos-arm64, r-release-macos-x86_64, r-release-windows-ix86+x86_64, r-oldrel-macos-x86_64, r-oldrel-windows-ix86+x86_64

Version: 1.1
Check: for non-standard things in the check directory
Result: NOTE
    Found the following files/directories:
     'more.words.rda' 'more.words.txt' 'more.words_log.txt'
     'other.words.rda' 'other.words.txt' 'other.words_log.txt'
     'some.words.rda' 'some.words.txt' 'some.words_log.txt'
     'yet.more.words.rda' 'yet.more.words.txt' 'yet.more.words_log.txt'
Flavors: r-devel-linux-x86_64-debian-clang, r-devel-linux-x86_64-debian-gcc, r-devel-linux-x86_64-fedora-clang, r-devel-linux-x86_64-fedora-gcc, r-patched-linux-x86_64, r-patched-solaris-x86, r-release-linux-x86_64