CRAN Package Check Results for Package Amelia

Last updated on 2021-10-26 05:59:42 CEST.

Flavor Version Tinstall Tcheck Ttotal Status Flags
r-devel-linux-x86_64-debian-clang 1.8.0 40.67 82.67 123.34 OK
r-devel-linux-x86_64-debian-gcc 1.8.0 30.21 62.50 92.71 OK
r-devel-linux-x86_64-fedora-clang 1.8.0 166.76 NOTE
r-devel-linux-x86_64-fedora-gcc 1.8.0 151.53 OK
r-devel-windows-x86_64 1.8.0 54.00 142.00 196.00 OK
r-devel-windows-x86_64-gcc10-UCRT 1.8.0 OK
r-patched-linux-x86_64 1.8.0 35.35 74.66 110.01 OK
r-patched-solaris-x86 1.8.0 150.30 OK
r-release-linux-x86_64 1.8.0 35.98 75.18 111.16 OK
r-release-macos-arm64 1.8.0 NOTE
r-release-macos-x86_64 1.8.0 NOTE
r-release-windows-ix86+x86_64 1.8.0 65.00 127.00 192.00 OK
r-oldrel-macos-x86_64 1.8.0 NOTE
r-oldrel-windows-ix86+x86_64 1.8.0 89.00 119.00 208.00 OK

Check Details

Version: 1.8.0
Check: installed package size
Result: NOTE
     installed size is 5.0Mb
     sub-directories of 1Mb or more:
     doc 1.4Mb
     libs 2.9Mb
Flavors: r-devel-linux-x86_64-fedora-clang, r-release-macos-arm64, r-release-macos-x86_64, r-oldrel-macos-x86_64