CRAN Package Check Results for Package AntAngioCOOL

Last updated on 2019-08-21 05:46:46 CEST.

Flavor Version Tinstall Tcheck Ttotal Status Flags
r-devel-linux-x86_64-debian-clang 1.2 55.75 198.74 254.49 OK
r-devel-linux-x86_64-debian-gcc 1.2 45.90 156.83 202.73 OK
r-devel-linux-x86_64-fedora-clang 1.2 324.27 NOTE
r-devel-linux-x86_64-fedora-gcc 1.2 333.04 OK
r-devel-windows-ix86+x86_64 1.2 133.00 244.00 377.00 NOTE
r-patched-linux-x86_64 1.2 54.59 196.13 250.72 OK
r-release-linux-x86_64 1.2 52.49 190.29 242.78 OK
r-release-windows-ix86+x86_64 1.2 106.00 170.00 276.00 NOTE
r-release-osx-x86_64 1.2 NOTE
r-oldrel-windows-ix86+x86_64 1.2 65.00 229.00 294.00 NOTE
r-oldrel-osx-x86_64 1.2 NOTE

Check Details

Version: 1.2
Check: installed package size
Result: NOTE
     installed size is 35.4Mb
     sub-directories of 1Mb or more:
     R 35.3Mb
Flavors: r-devel-linux-x86_64-fedora-clang, r-devel-windows-ix86+x86_64, r-release-windows-ix86+x86_64, r-release-osx-x86_64, r-oldrel-windows-ix86+x86_64, r-oldrel-osx-x86_64