CRAN Package Check Results for Package AntAngioCOOL

Last updated on 2019-12-09 05:47:05 CET.

Flavor Version Tinstall Tcheck Ttotal Status Flags
r-devel-linux-x86_64-debian-clang 1.2 57.41 206.73 264.14 OK
r-devel-linux-x86_64-debian-gcc 1.2 54.07 164.02 218.09 OK
r-devel-linux-x86_64-fedora-clang 1.2 340.84 NOTE
r-devel-linux-x86_64-fedora-gcc 1.2 348.62 OK
r-devel-windows-ix86+x86_64 1.2 59.00 6.00 65.00 ERROR
r-devel-windows-ix86+x86_64-gcc8 1.2 51.00 6.00 57.00 ERROR
r-patched-linux-x86_64 1.2 49.84 193.21 243.05 OK
r-release-linux-x86_64 1.2 51.13 190.43 241.56 OK
r-release-windows-ix86+x86_64 1.2 97.00 175.00 272.00 NOTE
r-release-osx-x86_64 1.2 NOTE
r-oldrel-windows-ix86+x86_64 1.2 41.00 177.00 218.00 NOTE
r-oldrel-osx-x86_64 1.2 NOTE

Check Details

Version: 1.2
Check: installed package size
Result: NOTE
     installed size is 35.4Mb
     sub-directories of 1Mb or more:
     R 35.3Mb
Flavors: r-devel-linux-x86_64-fedora-clang, r-release-windows-ix86+x86_64, r-release-osx-x86_64, r-oldrel-windows-ix86+x86_64, r-oldrel-osx-x86_64

Version: 1.2
Check: whether package can be installed
Result: ERROR
    Installation failed.
Flavors: r-devel-windows-ix86+x86_64, r-devel-windows-ix86+x86_64-gcc8